{"id":95217,"date":"2025-11-18T16:36:06","date_gmt":"2025-11-18T19:36:06","guid":{"rendered":"https:\/\/caravanagrupoeditorial.com\/?post_type=product&#038;p=95217"},"modified":"2026-04-27T09:03:58","modified_gmt":"2026-04-27T12:03:58","slug":"busca-vida","status":"publish","type":"product","link":"https:\/\/caravanagrupoeditorial.com\/pt\/livros\/busca-vida\/","title":{"rendered":"Busca vida"},"content":{"rendered":"<p style=\"text-align: justify\" data-mce-style=\"text-align: justify;\">H\u00e1 momentos em que passamos por fases dif\u00edceis em que eventos desafiadores surgem e nos sobrecarregam sem dar tempo de nos prepararmos para reagir. Jorge achava que estava no controle de sua vida. Preso em sua rotina, acreditava que nada podia melhorar. Como uma tempestade, por\u00e9m, uma leva de acontecimentos ruins expulsou-o de sua zona de conforto. Sua namorada de muitos anos o largou, foi demitido do seu emprego de revisor e acabara de receber a not\u00edcia de que seu av\u00f4 morreu. Tentando lidar com o luto e as expectativas e frustra\u00e7\u00f5es que tinha de um relacionamento com seu av\u00f4, descobre que a nossa realidade n\u00e3o \u00e9 a \u00fanica a existir e que uma outra vers\u00e3o sua precisa de ajuda. For\u00e7ado a reavaliar concep\u00e7\u00f5es que considerava imut\u00e1veis, ele explora uma Bras\u00edlia surreal em que decis\u00f5es diferentes tomadas no passado levaram a um mundo muito diferente do que conhece.<\/p>","protected":false},"excerpt":{"rendered":"<p>H\u00e1 momentos em que passamos por fases dif\u00edceis em que eventos desafiadores surgem e nos sobrecarregam sem dar tempo de nos prepararmos para reagir. Jorge achava que estava no controle<\/p>","protected":false},"featured_media":95223,"comment_status":"open","ping_status":"closed","template":"","meta":{"_acf_changed":false,"jetpack_post_was_ever_published":true,"_joinchat":[]},"pwb-brand":[20321],"product_brand":[],"product_cat":[20647,20646,19942,173],"product_tag":[136,835,137,23],"editora":[20601,20604],"class_list":{"0":"post-95217","1":"product","2":"type-product","3":"status-publish","4":"has-post-thumbnail","6":"pwb-brand-ruy-oliveiras","7":"product_cat-caravana","8":"product_cat-mercador","9":"product_cat-pre-venda","10":"product_cat-romance","11":"product_tag-caravana","12":"product_tag-caravanagrupoeditorial","13":"product_tag-editoraindependente","14":"product_tag-literatura","15":"editora-caravana","16":"editora-mercador","17":"pre_capa-nao-e-pre-capa","19":"first","20":"instock","21":"shipping-taxable","22":"purchasable","23":"product-type-simple"},"acf":[],"yoast_head":"<!-- This site is optimized with the Yoast SEO plugin v27.2 - https:\/\/yoast.com\/product\/yoast-seo-wordpress\/ -->\n<title>Busca vida - Caravana Grupo Editorial<\/title>\n<meta name=\"robots\" content=\"index, follow, max-snippet:-1, max-image-preview:large, max-video-preview:-1\" \/>\n<link rel=\"canonical\" href=\"https:\/\/caravanagrupoeditorial.com\/pt\/livros\/busca-vida\/\" \/>\n<meta property=\"og:locale\" content=\"pt_PT\" \/>\n<meta property=\"og:type\" content=\"article\" \/>\n<meta property=\"og:title\" content=\"Busca vida - Caravana Grupo Editorial\" \/>\n<meta property=\"og:description\" content=\"H\u00e1 momentos em que passamos por fases dif\u00edceis em que eventos desafiadores surgem e nos sobrecarregam sem dar tempo de nos prepararmos para reagir. Jorge achava que estava no controle\" \/>\n<meta property=\"og:url\" content=\"https:\/\/caravanagrupoeditorial.com\/pt\/livros\/busca-vida\/\" \/>\n<meta property=\"og:site_name\" content=\"Caravana Grupo Editorial\" \/>\n<meta property=\"article:publisher\" content=\"https:\/\/www.facebook.com\/caravanagrupoeditorial\" \/>\n<meta property=\"article:modified_time\" content=\"2026-04-27T12:03:58+00:00\" \/>\n<meta property=\"og:image\" content=\"https:\/\/caravanagrupoeditorial.com\/wp-content\/uploads\/2025\/11\/Busca-vida-Ayumi-Shimamoto-scaled.jpg\" \/>\n\t<meta property=\"og:image:width\" content=\"2560\" \/>\n\t<meta property=\"og:image:height\" content=\"2560\" \/>\n\t<meta property=\"og:image:type\" content=\"image\/jpeg\" \/>\n<meta name=\"twitter:card\" content=\"summary_large_image\" \/>\n<meta name=\"twitter:label1\" content=\"Tempo estimado de leitura\" \/>\n\t<meta name=\"twitter:data1\" content=\"2 minutos\" \/>\n<script type=\"application\/ld+json\" class=\"yoast-schema-graph\">{\"@context\":\"https:\/\/schema.org\",\"@graph\":[{\"@type\":\"WebPage\",\"@id\":\"https:\/\/caravanagrupoeditorial.com\/livros\/busca-vida\/\",\"url\":\"https:\/\/caravanagrupoeditorial.com\/livros\/busca-vida\/\",\"name\":\"Busca vida - Caravana Grupo Editorial\",\"isPartOf\":{\"@id\":\"https:\/\/caravanagrupoeditorial.com\/#website\"},\"primaryImageOfPage\":{\"@id\":\"https:\/\/caravanagrupoeditorial.com\/livros\/busca-vida\/#primaryimage\"},\"image\":{\"@id\":\"https:\/\/caravanagrupoeditorial.com\/livros\/busca-vida\/#primaryimage\"},\"thumbnailUrl\":\"https:\/\/i0.wp.com\/caravanagrupoeditorial.com\/wp-content\/uploads\/2025\/11\/Busca-vida-Ayumi-Shimamoto-scaled.jpg?fit=2560%2C2560&ssl=1\",\"datePublished\":\"2025-11-18T19:36:06+00:00\",\"dateModified\":\"2026-04-27T12:03:58+00:00\",\"breadcrumb\":{\"@id\":\"https:\/\/caravanagrupoeditorial.com\/livros\/busca-vida\/#breadcrumb\"},\"inLanguage\":\"pt-PT\",\"potentialAction\":[{\"@type\":\"ReadAction\",\"target\":[\"https:\/\/caravanagrupoeditorial.com\/livros\/busca-vida\/\"]}]},{\"@type\":\"ImageObject\",\"inLanguage\":\"pt-PT\",\"@id\":\"https:\/\/caravanagrupoeditorial.com\/livros\/busca-vida\/#primaryimage\",\"url\":\"https:\/\/i0.wp.com\/caravanagrupoeditorial.com\/wp-content\/uploads\/2025\/11\/Busca-vida-Ayumi-Shimamoto-scaled.jpg?fit=2560%2C2560&ssl=1\",\"contentUrl\":\"https:\/\/i0.wp.com\/caravanagrupoeditorial.com\/wp-content\/uploads\/2025\/11\/Busca-vida-Ayumi-Shimamoto-scaled.jpg?fit=2560%2C2560&ssl=1\",\"width\":2560,\"height\":2560},{\"@type\":\"BreadcrumbList\",\"@id\":\"https:\/\/caravanagrupoeditorial.com\/livros\/busca-vida\/#breadcrumb\",\"itemListElement\":[{\"@type\":\"ListItem\",\"position\":1,\"name\":\"In\u00edcio\",\"item\":\"https:\/\/caravanagrupoeditorial.com\/\"},{\"@type\":\"ListItem\",\"position\":2,\"name\":\"Shop\",\"item\":\"https:\/\/caravanagrupoeditorial.com\/shop\/\"},{\"@type\":\"ListItem\",\"position\":3,\"name\":\"Busca vida\"}]},{\"@type\":\"WebSite\",\"@id\":\"https:\/\/caravanagrupoeditorial.com\/#website\",\"url\":\"https:\/\/caravanagrupoeditorial.com\/\",\"name\":\"Caravana Grupo Editorial\",\"description\":\"\",\"publisher\":{\"@id\":\"https:\/\/caravanagrupoeditorial.com\/#organization\"},\"potentialAction\":[{\"@type\":\"SearchAction\",\"target\":{\"@type\":\"EntryPoint\",\"urlTemplate\":\"https:\/\/caravanagrupoeditorial.com\/?s={search_term_string}\"},\"query-input\":{\"@type\":\"PropertyValueSpecification\",\"valueRequired\":true,\"valueName\":\"search_term_string\"}}],\"inLanguage\":\"pt-PT\"},{\"@type\":\"Organization\",\"@id\":\"https:\/\/caravanagrupoeditorial.com\/#organization\",\"name\":\"Caravana Grupo Editorial\",\"url\":\"https:\/\/caravanagrupoeditorial.com\/\",\"logo\":{\"@type\":\"ImageObject\",\"inLanguage\":\"pt-PT\",\"@id\":\"https:\/\/caravanagrupoeditorial.com\/#\/schema\/logo\/image\/\",\"url\":\"https:\/\/caravanagrupoeditorial.com\/wp-content\/uploads\/2024\/02\/cropped-Logo_Caravana.png\",\"contentUrl\":\"https:\/\/caravanagrupoeditorial.com\/wp-content\/uploads\/2024\/02\/cropped-Logo_Caravana.png\",\"width\":512,\"height\":512,\"caption\":\"Caravana Grupo Editorial\"},\"image\":{\"@id\":\"https:\/\/caravanagrupoeditorial.com\/#\/schema\/logo\/image\/\"},\"sameAs\":[\"https:\/\/www.facebook.com\/caravanagrupoeditorial\",\"https:\/\/www.instagram.com\/caravanagrupoeditorial\/?hl=pt-br\",\"https:\/\/www.youtube.com\/channel\/UCdD-xosEkpHCeRn2nDLiXfQ\"]}]}<\/script>\n<!-- \/ Yoast SEO plugin. -->","yoast_head_json":{"title":"Busca vida - Caravana Grupo Editorial","robots":{"index":"index","follow":"follow","max-snippet":"max-snippet:-1","max-image-preview":"max-image-preview:large","max-video-preview":"max-video-preview:-1"},"canonical":"https:\/\/caravanagrupoeditorial.com\/pt\/livros\/busca-vida\/","og_locale":"pt_PT","og_type":"article","og_title":"Busca vida - Caravana Grupo Editorial","og_description":"H\u00e1 momentos em que passamos por fases dif\u00edceis em que eventos desafiadores surgem e nos sobrecarregam sem dar tempo de nos prepararmos para reagir. Jorge achava que estava no controle","og_url":"https:\/\/caravanagrupoeditorial.com\/pt\/livros\/busca-vida\/","og_site_name":"Caravana Grupo Editorial","article_publisher":"https:\/\/www.facebook.com\/caravanagrupoeditorial","article_modified_time":"2026-04-27T12:03:58+00:00","og_image":[{"width":2560,"height":2560,"url":"https:\/\/caravanagrupoeditorial.com\/wp-content\/uploads\/2025\/11\/Busca-vida-Ayumi-Shimamoto-scaled.jpg","type":"image\/jpeg"}],"twitter_card":"summary_large_image","twitter_misc":{"Tempo estimado de leitura":"2 minutos"},"schema":{"@context":"https:\/\/schema.org","@graph":[{"@type":"WebPage","@id":"https:\/\/caravanagrupoeditorial.com\/livros\/busca-vida\/","url":"https:\/\/caravanagrupoeditorial.com\/livros\/busca-vida\/","name":"Busca vida - Caravana Grupo Editorial","isPartOf":{"@id":"https:\/\/caravanagrupoeditorial.com\/#website"},"primaryImageOfPage":{"@id":"https:\/\/caravanagrupoeditorial.com\/livros\/busca-vida\/#primaryimage"},"image":{"@id":"https:\/\/caravanagrupoeditorial.com\/livros\/busca-vida\/#primaryimage"},"thumbnailUrl":"https:\/\/i0.wp.com\/caravanagrupoeditorial.com\/wp-content\/uploads\/2025\/11\/Busca-vida-Ayumi-Shimamoto-scaled.jpg?fit=2560%2C2560&ssl=1","datePublished":"2025-11-18T19:36:06+00:00","dateModified":"2026-04-27T12:03:58+00:00","breadcrumb":{"@id":"https:\/\/caravanagrupoeditorial.com\/livros\/busca-vida\/#breadcrumb"},"inLanguage":"pt-PT","potentialAction":[{"@type":"ReadAction","target":["https:\/\/caravanagrupoeditorial.com\/livros\/busca-vida\/"]}]},{"@type":"ImageObject","inLanguage":"pt-PT","@id":"https:\/\/caravanagrupoeditorial.com\/livros\/busca-vida\/#primaryimage","url":"https:\/\/i0.wp.com\/caravanagrupoeditorial.com\/wp-content\/uploads\/2025\/11\/Busca-vida-Ayumi-Shimamoto-scaled.jpg?fit=2560%2C2560&ssl=1","contentUrl":"https:\/\/i0.wp.com\/caravanagrupoeditorial.com\/wp-content\/uploads\/2025\/11\/Busca-vida-Ayumi-Shimamoto-scaled.jpg?fit=2560%2C2560&ssl=1","width":2560,"height":2560},{"@type":"BreadcrumbList","@id":"https:\/\/caravanagrupoeditorial.com\/livros\/busca-vida\/#breadcrumb","itemListElement":[{"@type":"ListItem","position":1,"name":"In\u00edcio","item":"https:\/\/caravanagrupoeditorial.com\/"},{"@type":"ListItem","position":2,"name":"Shop","item":"https:\/\/caravanagrupoeditorial.com\/shop\/"},{"@type":"ListItem","position":3,"name":"Busca vida"}]},{"@type":"WebSite","@id":"https:\/\/caravanagrupoeditorial.com\/#website","url":"https:\/\/caravanagrupoeditorial.com\/","name":"Cat\u00e1logo - Mercador Editorial","description":"","publisher":{"@id":"https:\/\/caravanagrupoeditorial.com\/#organization"},"potentialAction":[{"@type":"SearchAction","target":{"@type":"EntryPoint","urlTemplate":"https:\/\/caravanagrupoeditorial.com\/?s={search_term_string}"},"query-input":{"@type":"PropertyValueSpecification","valueRequired":true,"valueName":"search_term_string"}}],"inLanguage":"pt-PT"},{"@type":"Organization","@id":"https:\/\/caravanagrupoeditorial.com\/#organization","name":"Cat\u00e1logo - Mercador Editorial","url":"https:\/\/caravanagrupoeditorial.com\/","logo":{"@type":"ImageObject","inLanguage":"pt-PT","@id":"https:\/\/caravanagrupoeditorial.com\/#\/schema\/logo\/image\/","url":"https:\/\/caravanagrupoeditorial.com\/wp-content\/uploads\/2024\/02\/cropped-Logo_Caravana.png","contentUrl":"https:\/\/caravanagrupoeditorial.com\/wp-content\/uploads\/2024\/02\/cropped-Logo_Caravana.png","width":512,"height":512,"caption":"Caravana Grupo Editorial"},"image":{"@id":"https:\/\/caravanagrupoeditorial.com\/#\/schema\/logo\/image\/"},"sameAs":["https:\/\/www.facebook.com\/caravanagrupoeditorial","https:\/\/www.instagram.com\/caravanagrupoeditorial\/?hl=pt-br","https:\/\/www.youtube.com\/channel\/UCdD-xosEkpHCeRn2nDLiXfQ"]}]}},"jetpack_sharing_enabled":true,"brands":[{"id":20321,"name":"Ruy Oliveiras","slug":"ruy-oliveiras"}],"_links":{"self":[{"href":"https:\/\/caravanagrupoeditorial.com\/pt\/wp-json\/wp\/v2\/product\/95217","targetHints":{"allow":["GET"]}}],"collection":[{"href":"https:\/\/caravanagrupoeditorial.com\/pt\/wp-json\/wp\/v2\/product"}],"about":[{"href":"https:\/\/caravanagrupoeditorial.com\/pt\/wp-json\/wp\/v2\/types\/product"}],"replies":[{"embeddable":true,"href":"https:\/\/caravanagrupoeditorial.com\/pt\/wp-json\/wp\/v2\/comments?post=95217"}],"wp:featuredmedia":[{"embeddable":true,"href":"https:\/\/caravanagrupoeditorial.com\/pt\/wp-json\/wp\/v2\/media\/95223"}],"wp:attachment":[{"href":"https:\/\/caravanagrupoeditorial.com\/pt\/wp-json\/wp\/v2\/media?parent=95217"}],"wp:term":[{"taxonomy":"pwb-brand","embeddable":true,"href":"https:\/\/caravanagrupoeditorial.com\/pt\/wp-json\/wp\/v2\/pwb-brand?post=95217"},{"taxonomy":"product_brand","embeddable":true,"href":"https:\/\/caravanagrupoeditorial.com\/pt\/wp-json\/wp\/v2\/product_brand?post=95217"},{"taxonomy":"product_cat","embeddable":true,"href":"https:\/\/caravanagrupoeditorial.com\/pt\/wp-json\/wp\/v2\/product_cat?post=95217"},{"taxonomy":"product_tag","embeddable":true,"href":"https:\/\/caravanagrupoeditorial.com\/pt\/wp-json\/wp\/v2\/product_tag?post=95217"},{"taxonomy":"editora","embeddable":true,"href":"https:\/\/caravanagrupoeditorial.com\/pt\/wp-json\/wp\/v2\/editora?post=95217"}],"curies":[{"name":"wp","href":"https:\/\/api.w.org\/{rel}","templated":true}]}}

<p style="text-align: justify" data-mce-style="text-align: justify;">Há momentos em que passamos por fases difíceis em que eventos desafiadores surgem e nos sobrecarregam sem dar tempo de nos prepararmos para reagir. Jorge achava que estava no controle de sua vida. Preso em sua rotina, acreditava que nada podia melhorar. Como uma tempestade, porém, uma leva de acontecimentos ruins expulsou-o de sua zona de conforto. Sua namorada de muitos anos o largou, foi demitido do seu emprego de revisor e acabara de receber a notícia de que seu avô morreu. Tentando lidar com o luto e as expectativas e frustrações que tinha de um relacionamento com seu avô, descobre que a nossa realidade não é a única a existir e que uma outra versão sua precisa de ajuda. Forçado a reavaliar concepções que considerava imutáveis, ele explora uma Brasília surreal em que decisões diferentes tomadas no passado levaram a um mundo muito diferente do que conhece.</p>

<p>Há momentos em que passamos por fases difíceis em que eventos desafiadores surgem e nos sobrecarregam sem dar tempo de nos prepararmos para reagir. Jorge achava que estava no controle</p>

<!-- This site is optimized with the Yoast SEO plugin v27.2 - https://yoast.com/product/yoast-seo-wordpress/ -->
<title>Busca vida - Caravana Grupo Editorial</title>
<meta name="robots" content="index, follow, max-snippet:-1, max-image-preview:large, max-video-preview:-1" />
<link rel="canonical" href="https://caravanagrupoeditorial.com/pt/livros/busca-vida/" />
<meta property="og:locale" content="pt_PT" />
<meta property="og:type" content="article" />
<meta property="og:title" content="Busca vida - Caravana Grupo Editorial" />
<meta property="og:description" content="Há momentos em que passamos por fases difíceis em que eventos desafiadores surgem e nos sobrecarregam sem dar tempo de nos prepararmos para reagir. Jorge achava que estava no controle" />
<meta property="og:url" content="https://caravanagrupoeditorial.com/pt/livros/busca-vida/" />
<meta property="og:site_name" content="Caravana Grupo Editorial" />
<meta property="article:publisher" content="https://www.facebook.com/caravanagrupoeditorial" />
<meta property="article:modified_time" content="2026-04-27T12:03:58+00:00" />
<meta property="og:image" content="https://caravanagrupoeditorial.com/wp-content/uploads/2025/11/Busca-vida-Ayumi-Shimamoto-scaled.jpg" />
	<meta property="og:image:width" content="2560" />
	<meta property="og:image:height" content="2560" />
	<meta property="og:image:type" content="image/jpeg" />
<meta name="twitter:card" content="summary_large_image" />
<meta name="twitter:label1" content="Tempo estimado de leitura" />
	<meta name="twitter:data1" content="2 minutos" />
<script type="application/ld+json" class="yoast-schema-graph">{"@context":"https://schema.org","@graph":[{"@type":"WebPage","@id":"https://caravanagrupoeditorial.com/livros/busca-vida/","url":"https://caravanagrupoeditorial.com/livros/busca-vida/","name":"Busca vida - Caravana Grupo Editorial","isPartOf":{"@id":"https://caravanagrupoeditorial.com/#website"},"primaryImageOfPage":{"@id":"https://caravanagrupoeditorial.com/livros/busca-vida/#primaryimage"},"image":{"@id":"https://caravanagrupoeditorial.com/livros/busca-vida/#primaryimage"},"thumbnailUrl":"https://i0.wp.com/caravanagrupoeditorial.com/wp-content/uploads/2025/11/Busca-vida-Ayumi-Shimamoto-scaled.jpg?fit=2560%2C2560&ssl=1","datePublished":"2025-11-18T19:36:06+00:00","dateModified":"2026-04-27T12:03:58+00:00","breadcrumb":{"@id":"https://caravanagrupoeditorial.com/livros/busca-vida/#breadcrumb"},"inLanguage":"pt-PT","potentialAction":[{"@type":"ReadAction","target":["https://caravanagrupoeditorial.com/livros/busca-vida/"]}]},{"@type":"ImageObject","inLanguage":"pt-PT","@id":"https://caravanagrupoeditorial.com/livros/busca-vida/#primaryimage","url":"https://i0.wp.com/caravanagrupoeditorial.com/wp-content/uploads/2025/11/Busca-vida-Ayumi-Shimamoto-scaled.jpg?fit=2560%2C2560&ssl=1","contentUrl":"https://i0.wp.com/caravanagrupoeditorial.com/wp-content/uploads/2025/11/Busca-vida-Ayumi-Shimamoto-scaled.jpg?fit=2560%2C2560&ssl=1","width":2560,"height":2560},{"@type":"BreadcrumbList","@id":"https://caravanagrupoeditorial.com/livros/busca-vida/#breadcrumb","itemListElement":[{"@type":"ListItem","position":1,"name":"Início","item":"https://caravanagrupoeditorial.com/"},{"@type":"ListItem","position":2,"name":"Shop","item":"https://caravanagrupoeditorial.com/shop/"},{"@type":"ListItem","position":3,"name":"Busca vida"}]},{"@type":"WebSite","@id":"https://caravanagrupoeditorial.com/#website","url":"https://caravanagrupoeditorial.com/","name":"Caravana Grupo Editorial","description":"","publisher":{"@id":"https://caravanagrupoeditorial.com/#organization"},"potentialAction":[{"@type":"SearchAction","target":{"@type":"EntryPoint","urlTemplate":"https://caravanagrupoeditorial.com/?s={search_term_string}"},"query-input":{"@type":"PropertyValueSpecification","valueRequired":true,"valueName":"search_term_string"}}],"inLanguage":"pt-PT"},{"@type":"Organization","@id":"https://caravanagrupoeditorial.com/#organization","name":"Caravana Grupo Editorial","url":"https://caravanagrupoeditorial.com/","logo":{"@type":"ImageObject","inLanguage":"pt-PT","@id":"https://caravanagrupoeditorial.com/#/schema/logo/image/","url":"https://caravanagrupoeditorial.com/wp-content/uploads/2024/02/cropped-Logo_Caravana.png","contentUrl":"https://caravanagrupoeditorial.com/wp-content/uploads/2024/02/cropped-Logo_Caravana.png","width":512,"height":512,"caption":"Caravana Grupo Editorial"},"image":{"@id":"https://caravanagrupoeditorial.com/#/schema/logo/image/"},"sameAs":["https://www.facebook.com/caravanagrupoeditorial","https://www.instagram.com/caravanagrupoeditorial/?hl=pt-br","https://www.youtube.com/channel/UCdD-xosEkpHCeRn2nDLiXfQ"]}]}</script>
<!-- / Yoast SEO plugin. -->

Há momentos em que passamos por fases difíceis em que eventos desafiadores surgem e nos sobrecarregam sem dar tempo de nos prepararmos para reagir. Jorge achava que estava no controle

Início

Catálogo - Mercador Editorial
