{"id":101429,"date":"2026-03-12T22:39:47","date_gmt":"2026-03-13T01:39:47","guid":{"rendered":"https:\/\/caravanagrupoeditorial.com\/?post_type=product&#038;p=101429"},"modified":"2026-03-12T22:58:15","modified_gmt":"2026-03-13T01:58:15","slug":"cuentos-peregrinos","status":"publish","type":"product","link":"https:\/\/caravanagrupoeditorial.com\/es_uy\/livros\/cuentos-peregrinos\/","title":{"rendered":"Cuentos Peregrinos"},"content":{"rendered":"<p style=\"text-align: justify;\">Estos cuentos nacieron de lo que he visto, o\u00eddo o so\u00f1ado: voces que vuelven del campo y de la ciudad, de la infancia y de los caminos, de la gente que alguna vez pas\u00f3 y dej\u00f3 su huella. Son historias que andan solas, como si buscaran un o\u00eddo que las escuche.<br \/>\nEn sus p\u00e1ginas el lector se encontrar\u00e1 con ni\u00f1os que creen en los milagros, viejos que esperan el regreso de un caballo, mujeres que conversan con sus recuerdos, pescadores, maestros y \u00e1ngeles que se parecen a la gente com\u00fan. Hay humor y hay ternura; hay despedidas, encuentros y un poco de misterio.<br \/>\nNo son cuentos de ruido ni de grandes gestas: son historias que miran lo peque\u00f1o, lo que suele quedar al margen, y lo iluminan con la luz del afecto. Cada relato es un viaje breve, un tramo de camino compartido.<br \/>\nCuentos peregrinos invita a leer despacio, como quien abre una ventana y se deja tocar por el aire. Quiz\u00e1s en alguno de estos relatos el lector reconozca una emoci\u00f3n suya, una voz olvidada o un recuerdo que tambi\u00e9n quiso ser contado.<\/p>","protected":false},"excerpt":{"rendered":"<p>Estos cuentos nacieron de lo que he visto, o\u00eddo o so\u00f1ado: voces que vuelven del campo y de la ciudad, de la infancia y de los caminos, de la gente<\/p>","protected":false},"featured_media":101431,"comment_status":"open","ping_status":"closed","template":"","meta":{"_acf_changed":false,"jetpack_post_was_ever_published":true,"_joinchat":[]},"pwb-brand":[20694],"product_brand":[],"product_cat":[20647,171,19942],"product_tag":[136,835,137,23],"editora":[20627],"class_list":{"0":"post-101429","1":"product","2":"type-product","3":"status-publish","4":"has-post-thumbnail","6":"pwb-brand-maria-isabel-rangel","7":"product_cat-caravana","8":"product_cat-contos","9":"product_cat-pre-venda","10":"product_tag-caravana","11":"product_tag-caravanagrupoeditorial","12":"product_tag-editoraindependente","13":"product_tag-literatura","14":"editora-oro-y-plata","15":"pre_capa-pre-capa","17":"first","18":"instock","19":"shipping-taxable","20":"purchasable","21":"product-type-simple"},"acf":[],"yoast_head":"<!-- This site is optimized with the Yoast SEO plugin v27.2 - https:\/\/yoast.com\/product\/yoast-seo-wordpress\/ -->\n<title>Cuentos Peregrinos - Caravana Grupo Editorial<\/title>\n<meta name=\"robots\" content=\"index, follow, max-snippet:-1, max-image-preview:large, max-video-preview:-1\" \/>\n<link rel=\"canonical\" href=\"https:\/\/caravanagrupoeditorial.com\/es_uy\/livros\/cuentos-peregrinos\/\" \/>\n<meta property=\"og:locale\" content=\"es_ES\" \/>\n<meta property=\"og:type\" content=\"article\" \/>\n<meta property=\"og:title\" content=\"Cuentos Peregrinos - Caravana Grupo Editorial\" \/>\n<meta property=\"og:description\" content=\"Estos cuentos nacieron de lo que he visto, o\u00eddo o so\u00f1ado: voces que vuelven del campo y de la ciudad, de la infancia y de los caminos, de la gente\" \/>\n<meta property=\"og:url\" content=\"https:\/\/caravanagrupoeditorial.com\/es_uy\/livros\/cuentos-peregrinos\/\" \/>\n<meta property=\"og:site_name\" content=\"Caravana Grupo Editorial\" \/>\n<meta property=\"article:publisher\" content=\"https:\/\/www.facebook.com\/caravanagrupoeditorial\" \/>\n<meta property=\"article:modified_time\" content=\"2026-03-13T01:58:15+00:00\" \/>\n<meta property=\"og:image\" content=\"https:\/\/caravanagrupoeditorial.com\/wp-content\/uploads\/2026\/03\/MOCKUP_-Cuentos-Peregrinos-Lucas-Braga-Dos-Anjos-800x800.png\" \/>\n\t<meta property=\"og:image:width\" content=\"800\" \/>\n\t<meta property=\"og:image:height\" content=\"800\" \/>\n\t<meta property=\"og:image:type\" content=\"image\/png\" \/>\n<meta name=\"twitter:card\" content=\"summary_large_image\" \/>\n<meta name=\"twitter:label1\" content=\"Est. reading time\" \/>\n\t<meta name=\"twitter:data1\" content=\"2 minutos\" \/>\n<script type=\"application\/ld+json\" class=\"yoast-schema-graph\">{\"@context\":\"https:\/\/schema.org\",\"@graph\":[{\"@type\":\"WebPage\",\"@id\":\"https:\/\/caravanagrupoeditorial.com\/livros\/cuentos-peregrinos\/\",\"url\":\"https:\/\/caravanagrupoeditorial.com\/livros\/cuentos-peregrinos\/\",\"name\":\"Cuentos Peregrinos - Caravana Grupo Editorial\",\"isPartOf\":{\"@id\":\"https:\/\/caravanagrupoeditorial.com\/#website\"},\"primaryImageOfPage\":{\"@id\":\"https:\/\/caravanagrupoeditorial.com\/livros\/cuentos-peregrinos\/#primaryimage\"},\"image\":{\"@id\":\"https:\/\/caravanagrupoeditorial.com\/livros\/cuentos-peregrinos\/#primaryimage\"},\"thumbnailUrl\":\"https:\/\/i0.wp.com\/caravanagrupoeditorial.com\/wp-content\/uploads\/2026\/03\/MOCKUP_-Cuentos-Peregrinos-Lucas-Braga-Dos-Anjos.png?fit=1600%2C1600&ssl=1\",\"datePublished\":\"2026-03-13T01:39:47+00:00\",\"dateModified\":\"2026-03-13T01:58:15+00:00\",\"breadcrumb\":{\"@id\":\"https:\/\/caravanagrupoeditorial.com\/livros\/cuentos-peregrinos\/#breadcrumb\"},\"inLanguage\":\"es-UY\",\"potentialAction\":[{\"@type\":\"ReadAction\",\"target\":[\"https:\/\/caravanagrupoeditorial.com\/livros\/cuentos-peregrinos\/\"]}]},{\"@type\":\"ImageObject\",\"inLanguage\":\"es-UY\",\"@id\":\"https:\/\/caravanagrupoeditorial.com\/livros\/cuentos-peregrinos\/#primaryimage\",\"url\":\"https:\/\/i0.wp.com\/caravanagrupoeditorial.com\/wp-content\/uploads\/2026\/03\/MOCKUP_-Cuentos-Peregrinos-Lucas-Braga-Dos-Anjos.png?fit=1600%2C1600&ssl=1\",\"contentUrl\":\"https:\/\/i0.wp.com\/caravanagrupoeditorial.com\/wp-content\/uploads\/2026\/03\/MOCKUP_-Cuentos-Peregrinos-Lucas-Braga-Dos-Anjos.png?fit=1600%2C1600&ssl=1\",\"width\":1600,\"height\":1600},{\"@type\":\"BreadcrumbList\",\"@id\":\"https:\/\/caravanagrupoeditorial.com\/livros\/cuentos-peregrinos\/#breadcrumb\",\"itemListElement\":[{\"@type\":\"ListItem\",\"position\":1,\"name\":\"In\u00edcio\",\"item\":\"https:\/\/caravanagrupoeditorial.com\/\"},{\"@type\":\"ListItem\",\"position\":2,\"name\":\"Shop\",\"item\":\"https:\/\/caravanagrupoeditorial.com\/shop\/\"},{\"@type\":\"ListItem\",\"position\":3,\"name\":\"Cuentos Peregrinos\"}]},{\"@type\":\"WebSite\",\"@id\":\"https:\/\/caravanagrupoeditorial.com\/#website\",\"url\":\"https:\/\/caravanagrupoeditorial.com\/\",\"name\":\"Caravana Grupo Editorial\",\"description\":\"\",\"publisher\":{\"@id\":\"https:\/\/caravanagrupoeditorial.com\/#organization\"},\"potentialAction\":[{\"@type\":\"SearchAction\",\"target\":{\"@type\":\"EntryPoint\",\"urlTemplate\":\"https:\/\/caravanagrupoeditorial.com\/?s={search_term_string}\"},\"query-input\":{\"@type\":\"PropertyValueSpecification\",\"valueRequired\":true,\"valueName\":\"search_term_string\"}}],\"inLanguage\":\"es-UY\"},{\"@type\":\"Organization\",\"@id\":\"https:\/\/caravanagrupoeditorial.com\/#organization\",\"name\":\"Caravana Grupo Editorial\",\"url\":\"https:\/\/caravanagrupoeditorial.com\/\",\"logo\":{\"@type\":\"ImageObject\",\"inLanguage\":\"es-UY\",\"@id\":\"https:\/\/caravanagrupoeditorial.com\/#\/schema\/logo\/image\/\",\"url\":\"https:\/\/caravanagrupoeditorial.com\/wp-content\/uploads\/2024\/02\/cropped-Logo_Caravana.png\",\"contentUrl\":\"https:\/\/caravanagrupoeditorial.com\/wp-content\/uploads\/2024\/02\/cropped-Logo_Caravana.png\",\"width\":512,\"height\":512,\"caption\":\"Caravana Grupo Editorial\"},\"image\":{\"@id\":\"https:\/\/caravanagrupoeditorial.com\/#\/schema\/logo\/image\/\"},\"sameAs\":[\"https:\/\/www.facebook.com\/caravanagrupoeditorial\",\"https:\/\/www.instagram.com\/caravanagrupoeditorial\/?hl=pt-br\",\"https:\/\/www.youtube.com\/channel\/UCdD-xosEkpHCeRn2nDLiXfQ\"]}]}<\/script>\n<!-- \/ Yoast SEO plugin. -->","yoast_head_json":{"title":"Cuentos Peregrinos - Caravana Grupo Editorial","robots":{"index":"index","follow":"follow","max-snippet":"max-snippet:-1","max-image-preview":"max-image-preview:large","max-video-preview":"max-video-preview:-1"},"canonical":"https:\/\/caravanagrupoeditorial.com\/es_uy\/livros\/cuentos-peregrinos\/","og_locale":"es_ES","og_type":"article","og_title":"Cuentos Peregrinos - Caravana Grupo Editorial","og_description":"Estos cuentos nacieron de lo que he visto, o\u00eddo o so\u00f1ado: voces que vuelven del campo y de la ciudad, de la infancia y de los caminos, de la gente","og_url":"https:\/\/caravanagrupoeditorial.com\/es_uy\/livros\/cuentos-peregrinos\/","og_site_name":"Caravana Grupo Editorial","article_publisher":"https:\/\/www.facebook.com\/caravanagrupoeditorial","article_modified_time":"2026-03-13T01:58:15+00:00","og_image":[{"width":800,"height":800,"url":"https:\/\/caravanagrupoeditorial.com\/wp-content\/uploads\/2026\/03\/MOCKUP_-Cuentos-Peregrinos-Lucas-Braga-Dos-Anjos-800x800.png","type":"image\/png"}],"twitter_card":"summary_large_image","twitter_misc":{"Est. reading time":"2 minutos"},"schema":{"@context":"https:\/\/schema.org","@graph":[{"@type":"WebPage","@id":"https:\/\/caravanagrupoeditorial.com\/livros\/cuentos-peregrinos\/","url":"https:\/\/caravanagrupoeditorial.com\/livros\/cuentos-peregrinos\/","name":"Cuentos Peregrinos - Caravana Grupo Editorial","isPartOf":{"@id":"https:\/\/caravanagrupoeditorial.com\/#website"},"primaryImageOfPage":{"@id":"https:\/\/caravanagrupoeditorial.com\/livros\/cuentos-peregrinos\/#primaryimage"},"image":{"@id":"https:\/\/caravanagrupoeditorial.com\/livros\/cuentos-peregrinos\/#primaryimage"},"thumbnailUrl":"https:\/\/i0.wp.com\/caravanagrupoeditorial.com\/wp-content\/uploads\/2026\/03\/MOCKUP_-Cuentos-Peregrinos-Lucas-Braga-Dos-Anjos.png?fit=1600%2C1600&ssl=1","datePublished":"2026-03-13T01:39:47+00:00","dateModified":"2026-03-13T01:58:15+00:00","breadcrumb":{"@id":"https:\/\/caravanagrupoeditorial.com\/livros\/cuentos-peregrinos\/#breadcrumb"},"inLanguage":"es-UY","potentialAction":[{"@type":"ReadAction","target":["https:\/\/caravanagrupoeditorial.com\/livros\/cuentos-peregrinos\/"]}]},{"@type":"ImageObject","inLanguage":"es-UY","@id":"https:\/\/caravanagrupoeditorial.com\/livros\/cuentos-peregrinos\/#primaryimage","url":"https:\/\/i0.wp.com\/caravanagrupoeditorial.com\/wp-content\/uploads\/2026\/03\/MOCKUP_-Cuentos-Peregrinos-Lucas-Braga-Dos-Anjos.png?fit=1600%2C1600&ssl=1","contentUrl":"https:\/\/i0.wp.com\/caravanagrupoeditorial.com\/wp-content\/uploads\/2026\/03\/MOCKUP_-Cuentos-Peregrinos-Lucas-Braga-Dos-Anjos.png?fit=1600%2C1600&ssl=1","width":1600,"height":1600},{"@type":"BreadcrumbList","@id":"https:\/\/caravanagrupoeditorial.com\/livros\/cuentos-peregrinos\/#breadcrumb","itemListElement":[{"@type":"ListItem","position":1,"name":"In\u00edcio","item":"https:\/\/caravanagrupoeditorial.com\/"},{"@type":"ListItem","position":2,"name":"Shop","item":"https:\/\/caravanagrupoeditorial.com\/shop\/"},{"@type":"ListItem","position":3,"name":"Cuentos Peregrinos"}]},{"@type":"WebSite","@id":"https:\/\/caravanagrupoeditorial.com\/#website","url":"https:\/\/caravanagrupoeditorial.com\/","name":"Cat\u00e1logo Oro y Plata Editorial","description":"","publisher":{"@id":"https:\/\/caravanagrupoeditorial.com\/#organization"},"potentialAction":[{"@type":"SearchAction","target":{"@type":"EntryPoint","urlTemplate":"https:\/\/caravanagrupoeditorial.com\/?s={search_term_string}"},"query-input":{"@type":"PropertyValueSpecification","valueRequired":true,"valueName":"search_term_string"}}],"inLanguage":"es-UY"},{"@type":"Organization","@id":"https:\/\/caravanagrupoeditorial.com\/#organization","name":"Cat\u00e1logo Oro y Plata Editorial","url":"https:\/\/caravanagrupoeditorial.com\/","logo":{"@type":"ImageObject","inLanguage":"es-UY","@id":"https:\/\/caravanagrupoeditorial.com\/#\/schema\/logo\/image\/","url":"https:\/\/caravanagrupoeditorial.com\/wp-content\/uploads\/2024\/02\/cropped-Logo_Caravana.png","contentUrl":"https:\/\/caravanagrupoeditorial.com\/wp-content\/uploads\/2024\/02\/cropped-Logo_Caravana.png","width":512,"height":512,"caption":"Caravana Grupo Editorial"},"image":{"@id":"https:\/\/caravanagrupoeditorial.com\/#\/schema\/logo\/image\/"},"sameAs":["https:\/\/www.facebook.com\/caravanagrupoeditorial","https:\/\/www.instagram.com\/caravanagrupoeditorial\/?hl=pt-br","https:\/\/www.youtube.com\/channel\/UCdD-xosEkpHCeRn2nDLiXfQ"]}]}},"jetpack_sharing_enabled":true,"brands":[{"id":20694,"name":"Mar\u00eda Isabel Rangel","slug":"maria-isabel-rangel"}],"_links":{"self":[{"href":"https:\/\/caravanagrupoeditorial.com\/es_uy\/wp-json\/wp\/v2\/product\/101429","targetHints":{"allow":["GET"]}}],"collection":[{"href":"https:\/\/caravanagrupoeditorial.com\/es_uy\/wp-json\/wp\/v2\/product"}],"about":[{"href":"https:\/\/caravanagrupoeditorial.com\/es_uy\/wp-json\/wp\/v2\/types\/product"}],"replies":[{"embeddable":true,"href":"https:\/\/caravanagrupoeditorial.com\/es_uy\/wp-json\/wp\/v2\/comments?post=101429"}],"wp:featuredmedia":[{"embeddable":true,"href":"https:\/\/caravanagrupoeditorial.com\/es_uy\/wp-json\/wp\/v2\/media\/101431"}],"wp:attachment":[{"href":"https:\/\/caravanagrupoeditorial.com\/es_uy\/wp-json\/wp\/v2\/media?parent=101429"}],"wp:term":[{"taxonomy":"pwb-brand","embeddable":true,"href":"https:\/\/caravanagrupoeditorial.com\/es_uy\/wp-json\/wp\/v2\/pwb-brand?post=101429"},{"taxonomy":"product_brand","embeddable":true,"href":"https:\/\/caravanagrupoeditorial.com\/es_uy\/wp-json\/wp\/v2\/product_brand?post=101429"},{"taxonomy":"product_cat","embeddable":true,"href":"https:\/\/caravanagrupoeditorial.com\/es_uy\/wp-json\/wp\/v2\/product_cat?post=101429"},{"taxonomy":"product_tag","embeddable":true,"href":"https:\/\/caravanagrupoeditorial.com\/es_uy\/wp-json\/wp\/v2\/product_tag?post=101429"},{"taxonomy":"editora","embeddable":true,"href":"https:\/\/caravanagrupoeditorial.com\/es_uy\/wp-json\/wp\/v2\/editora?post=101429"}],"curies":[{"name":"wp","href":"https:\/\/api.w.org\/{rel}","templated":true}]}}

<p style="text-align: justify;">Estos cuentos nacieron de lo que he visto, oído o soñado: voces que vuelven del campo y de la ciudad, de la infancia y de los caminos, de la gente que alguna vez pasó y dejó su huella. Son historias que andan solas, como si buscaran un oído que las escuche.<br />
En sus páginas el lector se encontrará con niños que creen en los milagros, viejos que esperan el regreso de un caballo, mujeres que conversan con sus recuerdos, pescadores, maestros y ángeles que se parecen a la gente común. Hay humor y hay ternura; hay despedidas, encuentros y un poco de misterio.<br />
No son cuentos de ruido ni de grandes gestas: son historias que miran lo pequeño, lo que suele quedar al margen, y lo iluminan con la luz del afecto. Cada relato es un viaje breve, un tramo de camino compartido.<br />
Cuentos peregrinos invita a leer despacio, como quien abre una ventana y se deja tocar por el aire. Quizás en alguno de estos relatos el lector reconozca una emoción suya, una voz olvidada o un recuerdo que también quiso ser contado.</p>

<p>Estos cuentos nacieron de lo que he visto, oído o soñado: voces que vuelven del campo y de la ciudad, de la infancia y de los caminos, de la gente</p>

<!-- This site is optimized with the Yoast SEO plugin v27.2 - https://yoast.com/product/yoast-seo-wordpress/ -->
<title>Cuentos Peregrinos - Caravana Grupo Editorial</title>
<meta name="robots" content="index, follow, max-snippet:-1, max-image-preview:large, max-video-preview:-1" />
<link rel="canonical" href="https://caravanagrupoeditorial.com/es_uy/livros/cuentos-peregrinos/" />
<meta property="og:locale" content="es_ES" />
<meta property="og:type" content="article" />
<meta property="og:title" content="Cuentos Peregrinos - Caravana Grupo Editorial" />
<meta property="og:description" content="Estos cuentos nacieron de lo que he visto, oído o soñado: voces que vuelven del campo y de la ciudad, de la infancia y de los caminos, de la gente" />
<meta property="og:url" content="https://caravanagrupoeditorial.com/es_uy/livros/cuentos-peregrinos/" />
<meta property="og:site_name" content="Caravana Grupo Editorial" />
<meta property="article:publisher" content="https://www.facebook.com/caravanagrupoeditorial" />
<meta property="article:modified_time" content="2026-03-13T01:58:15+00:00" />
<meta property="og:image" content="https://caravanagrupoeditorial.com/wp-content/uploads/2026/03/MOCKUP_-Cuentos-Peregrinos-Lucas-Braga-Dos-Anjos-800x800.png" />
	<meta property="og:image:width" content="800" />
	<meta property="og:image:height" content="800" />
	<meta property="og:image:type" content="image/png" />
<meta name="twitter:card" content="summary_large_image" />
<meta name="twitter:label1" content="Est. reading time" />
	<meta name="twitter:data1" content="2 minutos" />
<script type="application/ld+json" class="yoast-schema-graph">{"@context":"https://schema.org","@graph":[{"@type":"WebPage","@id":"https://caravanagrupoeditorial.com/livros/cuentos-peregrinos/","url":"https://caravanagrupoeditorial.com/livros/cuentos-peregrinos/","name":"Cuentos Peregrinos - Caravana Grupo Editorial","isPartOf":{"@id":"https://caravanagrupoeditorial.com/#website"},"primaryImageOfPage":{"@id":"https://caravanagrupoeditorial.com/livros/cuentos-peregrinos/#primaryimage"},"image":{"@id":"https://caravanagrupoeditorial.com/livros/cuentos-peregrinos/#primaryimage"},"thumbnailUrl":"https://i0.wp.com/caravanagrupoeditorial.com/wp-content/uploads/2026/03/MOCKUP_-Cuentos-Peregrinos-Lucas-Braga-Dos-Anjos.png?fit=1600%2C1600&ssl=1","datePublished":"2026-03-13T01:39:47+00:00","dateModified":"2026-03-13T01:58:15+00:00","breadcrumb":{"@id":"https://caravanagrupoeditorial.com/livros/cuentos-peregrinos/#breadcrumb"},"inLanguage":"es-UY","potentialAction":[{"@type":"ReadAction","target":["https://caravanagrupoeditorial.com/livros/cuentos-peregrinos/"]}]},{"@type":"ImageObject","inLanguage":"es-UY","@id":"https://caravanagrupoeditorial.com/livros/cuentos-peregrinos/#primaryimage","url":"https://i0.wp.com/caravanagrupoeditorial.com/wp-content/uploads/2026/03/MOCKUP_-Cuentos-Peregrinos-Lucas-Braga-Dos-Anjos.png?fit=1600%2C1600&ssl=1","contentUrl":"https://i0.wp.com/caravanagrupoeditorial.com/wp-content/uploads/2026/03/MOCKUP_-Cuentos-Peregrinos-Lucas-Braga-Dos-Anjos.png?fit=1600%2C1600&ssl=1","width":1600,"height":1600},{"@type":"BreadcrumbList","@id":"https://caravanagrupoeditorial.com/livros/cuentos-peregrinos/#breadcrumb","itemListElement":[{"@type":"ListItem","position":1,"name":"Início","item":"https://caravanagrupoeditorial.com/"},{"@type":"ListItem","position":2,"name":"Shop","item":"https://caravanagrupoeditorial.com/shop/"},{"@type":"ListItem","position":3,"name":"Cuentos Peregrinos"}]},{"@type":"WebSite","@id":"https://caravanagrupoeditorial.com/#website","url":"https://caravanagrupoeditorial.com/","name":"Caravana Grupo Editorial","description":"","publisher":{"@id":"https://caravanagrupoeditorial.com/#organization"},"potentialAction":[{"@type":"SearchAction","target":{"@type":"EntryPoint","urlTemplate":"https://caravanagrupoeditorial.com/?s={search_term_string}"},"query-input":{"@type":"PropertyValueSpecification","valueRequired":true,"valueName":"search_term_string"}}],"inLanguage":"es-UY"},{"@type":"Organization","@id":"https://caravanagrupoeditorial.com/#organization","name":"Caravana Grupo Editorial","url":"https://caravanagrupoeditorial.com/","logo":{"@type":"ImageObject","inLanguage":"es-UY","@id":"https://caravanagrupoeditorial.com/#/schema/logo/image/","url":"https://caravanagrupoeditorial.com/wp-content/uploads/2024/02/cropped-Logo_Caravana.png","contentUrl":"https://caravanagrupoeditorial.com/wp-content/uploads/2024/02/cropped-Logo_Caravana.png","width":512,"height":512,"caption":"Caravana Grupo Editorial"},"image":{"@id":"https://caravanagrupoeditorial.com/#/schema/logo/image/"},"sameAs":["https://www.facebook.com/caravanagrupoeditorial","https://www.instagram.com/caravanagrupoeditorial/?hl=pt-br","https://www.youtube.com/channel/UCdD-xosEkpHCeRn2nDLiXfQ"]}]}</script>
<!-- / Yoast SEO plugin. -->

Estos cuentos nacieron de lo que he visto, oído o soñado: voces que vuelven del campo y de la ciudad, de la infancia y de los caminos, de la gente

Início

Catálogo Oro y Plata Editorial

María Isabel Rangel
