{"id":101433,"date":"2026-03-12T22:52:33","date_gmt":"2026-03-13T01:52:33","guid":{"rendered":"https:\/\/caravanagrupoeditorial.com\/?post_type=product&#038;p=101433"},"modified":"2026-03-13T11:06:55","modified_gmt":"2026-03-13T14:06:55","slug":"relatos-de-puerto-oculto","status":"publish","type":"product","link":"https:\/\/caravanagrupoeditorial.com\/es_cl\/livros\/relatos-de-puerto-oculto\/","title":{"rendered":"Relatos de Puerto Oculto"},"content":{"rendered":"<p style=\"text-align: justify;\">Si la historia se escribiera \u00fanicamente sobre los ganadores, ni el pueblo ni los personajes de estos cuentos tendr\u00edan lugar en memoria alguna, pues entre un marco de naturaleza feroz, magn\u00e1nima y abrumadora, se ha constituido un asentamiento golpeado y opaco, donde se van entretejiendo los relatos de entes sin gloria, sin un pasaje a la eternidad, mas, con finas cuotas de ingenio y \u2014a veces\u2014 entusiasmo, intentan ir m\u00e1s all\u00e1 de su previsible estancamiento.<\/p>","protected":false},"excerpt":{"rendered":"<p>Si la historia se escribiera \u00fanicamente sobre los ganadores, ni el pueblo ni los personajes de estos cuentos tendr\u00edan lugar en memoria alguna, pues entre un marco de naturaleza feroz,<\/p>","protected":false},"featured_media":101435,"comment_status":"open","ping_status":"closed","template":"","meta":{"_acf_changed":false,"jetpack_post_was_ever_published":true,"_joinchat":[]},"pwb-brand":[20695],"product_brand":[],"product_cat":[20633,170,19942],"product_tag":[136,835,137,23],"editora":[20618],"class_list":{"0":"post-101433","1":"product","2":"type-product","3":"status-publish","4":"has-post-thumbnail","6":"pwb-brand-renom","7":"product_cat-alicanto","8":"product_cat-novela-brasileira","9":"product_cat-pre-venda","10":"product_tag-caravana","11":"product_tag-caravanagrupoeditorial","12":"product_tag-editoraindependente","13":"product_tag-literatura","14":"editora-alicanto","15":"pre_capa-pre-capa","17":"first","18":"instock","19":"shipping-taxable","20":"purchasable","21":"product-type-simple"},"acf":[],"yoast_head":"<!-- This site is optimized with the Yoast SEO plugin v27.2 - https:\/\/yoast.com\/product\/yoast-seo-wordpress\/ -->\n<title>Relatos de Puerto Oculto - Caravana Grupo Editorial<\/title>\n<meta name=\"robots\" content=\"index, follow, max-snippet:-1, max-image-preview:large, max-video-preview:-1\" \/>\n<link rel=\"canonical\" href=\"https:\/\/caravanagrupoeditorial.com\/es_cl\/livros\/relatos-de-puerto-oculto\/\" \/>\n<meta property=\"og:locale\" content=\"es_ES\" \/>\n<meta property=\"og:type\" content=\"article\" \/>\n<meta property=\"og:title\" content=\"Relatos de Puerto Oculto - Caravana Grupo Editorial\" \/>\n<meta property=\"og:description\" content=\"Si la historia se escribiera \u00fanicamente sobre los ganadores, ni el pueblo ni los personajes de estos cuentos tendr\u00edan lugar en memoria alguna, pues entre un marco de naturaleza feroz,\" \/>\n<meta property=\"og:url\" content=\"https:\/\/caravanagrupoeditorial.com\/es_cl\/livros\/relatos-de-puerto-oculto\/\" \/>\n<meta property=\"og:site_name\" content=\"Caravana Grupo Editorial\" \/>\n<meta property=\"article:publisher\" content=\"https:\/\/www.facebook.com\/caravanagrupoeditorial\" \/>\n<meta property=\"article:modified_time\" content=\"2026-03-13T14:06:55+00:00\" \/>\n<meta property=\"og:image\" content=\"https:\/\/caravanagrupoeditorial.com\/wp-content\/uploads\/2026\/03\/MOCKUP_-Relatos-de-Puerto-Oculto-Lucas-Braga-Dos-Anjos-1-800x800.png\" \/>\n\t<meta property=\"og:image:width\" content=\"800\" \/>\n\t<meta property=\"og:image:height\" content=\"800\" \/>\n\t<meta property=\"og:image:type\" content=\"image\/png\" \/>\n<meta name=\"twitter:card\" content=\"summary_large_image\" \/>\n<meta name=\"twitter:label1\" content=\"Tiempo estimado de lectura\" \/>\n\t<meta name=\"twitter:data1\" content=\"1 minuto\" \/>\n<script type=\"application\/ld+json\" class=\"yoast-schema-graph\">{\"@context\":\"https:\/\/schema.org\",\"@graph\":[{\"@type\":\"WebPage\",\"@id\":\"https:\/\/caravanagrupoeditorial.com\/livros\/relatos-de-puerto-oculto\/\",\"url\":\"https:\/\/caravanagrupoeditorial.com\/livros\/relatos-de-puerto-oculto\/\",\"name\":\"Relatos de Puerto Oculto - Caravana Grupo Editorial\",\"isPartOf\":{\"@id\":\"https:\/\/caravanagrupoeditorial.com\/#website\"},\"primaryImageOfPage\":{\"@id\":\"https:\/\/caravanagrupoeditorial.com\/livros\/relatos-de-puerto-oculto\/#primaryimage\"},\"image\":{\"@id\":\"https:\/\/caravanagrupoeditorial.com\/livros\/relatos-de-puerto-oculto\/#primaryimage\"},\"thumbnailUrl\":\"https:\/\/i0.wp.com\/caravanagrupoeditorial.com\/wp-content\/uploads\/2026\/03\/MOCKUP_-Relatos-de-Puerto-Oculto-Lucas-Braga-Dos-Anjos-1.png?fit=1600%2C1600&ssl=1\",\"datePublished\":\"2026-03-13T01:52:33+00:00\",\"dateModified\":\"2026-03-13T14:06:55+00:00\",\"breadcrumb\":{\"@id\":\"https:\/\/caravanagrupoeditorial.com\/livros\/relatos-de-puerto-oculto\/#breadcrumb\"},\"inLanguage\":\"es-CL\",\"potentialAction\":[{\"@type\":\"ReadAction\",\"target\":[\"https:\/\/caravanagrupoeditorial.com\/livros\/relatos-de-puerto-oculto\/\"]}]},{\"@type\":\"ImageObject\",\"inLanguage\":\"es-CL\",\"@id\":\"https:\/\/caravanagrupoeditorial.com\/livros\/relatos-de-puerto-oculto\/#primaryimage\",\"url\":\"https:\/\/i0.wp.com\/caravanagrupoeditorial.com\/wp-content\/uploads\/2026\/03\/MOCKUP_-Relatos-de-Puerto-Oculto-Lucas-Braga-Dos-Anjos-1.png?fit=1600%2C1600&ssl=1\",\"contentUrl\":\"https:\/\/i0.wp.com\/caravanagrupoeditorial.com\/wp-content\/uploads\/2026\/03\/MOCKUP_-Relatos-de-Puerto-Oculto-Lucas-Braga-Dos-Anjos-1.png?fit=1600%2C1600&ssl=1\",\"width\":1600,\"height\":1600},{\"@type\":\"BreadcrumbList\",\"@id\":\"https:\/\/caravanagrupoeditorial.com\/livros\/relatos-de-puerto-oculto\/#breadcrumb\",\"itemListElement\":[{\"@type\":\"ListItem\",\"position\":1,\"name\":\"In\u00edcio\",\"item\":\"https:\/\/caravanagrupoeditorial.com\/\"},{\"@type\":\"ListItem\",\"position\":2,\"name\":\"Shop\",\"item\":\"https:\/\/caravanagrupoeditorial.com\/shop\/\"},{\"@type\":\"ListItem\",\"position\":3,\"name\":\"Relatos de Puerto Oculto\"}]},{\"@type\":\"WebSite\",\"@id\":\"https:\/\/caravanagrupoeditorial.com\/#website\",\"url\":\"https:\/\/caravanagrupoeditorial.com\/\",\"name\":\"Caravana Grupo Editorial\",\"description\":\"\",\"publisher\":{\"@id\":\"https:\/\/caravanagrupoeditorial.com\/#organization\"},\"potentialAction\":[{\"@type\":\"SearchAction\",\"target\":{\"@type\":\"EntryPoint\",\"urlTemplate\":\"https:\/\/caravanagrupoeditorial.com\/?s={search_term_string}\"},\"query-input\":{\"@type\":\"PropertyValueSpecification\",\"valueRequired\":true,\"valueName\":\"search_term_string\"}}],\"inLanguage\":\"es-CL\"},{\"@type\":\"Organization\",\"@id\":\"https:\/\/caravanagrupoeditorial.com\/#organization\",\"name\":\"Caravana Grupo Editorial\",\"url\":\"https:\/\/caravanagrupoeditorial.com\/\",\"logo\":{\"@type\":\"ImageObject\",\"inLanguage\":\"es-CL\",\"@id\":\"https:\/\/caravanagrupoeditorial.com\/#\/schema\/logo\/image\/\",\"url\":\"https:\/\/caravanagrupoeditorial.com\/wp-content\/uploads\/2024\/02\/cropped-Logo_Caravana.png\",\"contentUrl\":\"https:\/\/caravanagrupoeditorial.com\/wp-content\/uploads\/2024\/02\/cropped-Logo_Caravana.png\",\"width\":512,\"height\":512,\"caption\":\"Caravana Grupo Editorial\"},\"image\":{\"@id\":\"https:\/\/caravanagrupoeditorial.com\/#\/schema\/logo\/image\/\"},\"sameAs\":[\"https:\/\/www.facebook.com\/caravanagrupoeditorial\",\"https:\/\/www.instagram.com\/caravanagrupoeditorial\/?hl=pt-br\",\"https:\/\/www.youtube.com\/channel\/UCdD-xosEkpHCeRn2nDLiXfQ\"]}]}<\/script>\n<!-- \/ Yoast SEO plugin. -->","yoast_head_json":{"title":"Relatos de Puerto Oculto - Caravana Grupo Editorial","robots":{"index":"index","follow":"follow","max-snippet":"max-snippet:-1","max-image-preview":"max-image-preview:large","max-video-preview":"max-video-preview:-1"},"canonical":"https:\/\/caravanagrupoeditorial.com\/es_cl\/livros\/relatos-de-puerto-oculto\/","og_locale":"es_ES","og_type":"article","og_title":"Relatos de Puerto Oculto - Caravana Grupo Editorial","og_description":"Si la historia se escribiera \u00fanicamente sobre los ganadores, ni el pueblo ni los personajes de estos cuentos tendr\u00edan lugar en memoria alguna, pues entre un marco de naturaleza feroz,","og_url":"https:\/\/caravanagrupoeditorial.com\/es_cl\/livros\/relatos-de-puerto-oculto\/","og_site_name":"Caravana Grupo Editorial","article_publisher":"https:\/\/www.facebook.com\/caravanagrupoeditorial","article_modified_time":"2026-03-13T14:06:55+00:00","og_image":[{"width":800,"height":800,"url":"https:\/\/caravanagrupoeditorial.com\/wp-content\/uploads\/2026\/03\/MOCKUP_-Relatos-de-Puerto-Oculto-Lucas-Braga-Dos-Anjos-1-800x800.png","type":"image\/png"}],"twitter_card":"summary_large_image","twitter_misc":{"Tiempo estimado de lectura":"1 minuto"},"schema":{"@context":"https:\/\/schema.org","@graph":[{"@type":"WebPage","@id":"https:\/\/caravanagrupoeditorial.com\/livros\/relatos-de-puerto-oculto\/","url":"https:\/\/caravanagrupoeditorial.com\/livros\/relatos-de-puerto-oculto\/","name":"Relatos de Puerto Oculto - Caravana Grupo Editorial","isPartOf":{"@id":"https:\/\/caravanagrupoeditorial.com\/#website"},"primaryImageOfPage":{"@id":"https:\/\/caravanagrupoeditorial.com\/livros\/relatos-de-puerto-oculto\/#primaryimage"},"image":{"@id":"https:\/\/caravanagrupoeditorial.com\/livros\/relatos-de-puerto-oculto\/#primaryimage"},"thumbnailUrl":"https:\/\/i0.wp.com\/caravanagrupoeditorial.com\/wp-content\/uploads\/2026\/03\/MOCKUP_-Relatos-de-Puerto-Oculto-Lucas-Braga-Dos-Anjos-1.png?fit=1600%2C1600&ssl=1","datePublished":"2026-03-13T01:52:33+00:00","dateModified":"2026-03-13T14:06:55+00:00","breadcrumb":{"@id":"https:\/\/caravanagrupoeditorial.com\/livros\/relatos-de-puerto-oculto\/#breadcrumb"},"inLanguage":"es-CL","potentialAction":[{"@type":"ReadAction","target":["https:\/\/caravanagrupoeditorial.com\/livros\/relatos-de-puerto-oculto\/"]}]},{"@type":"ImageObject","inLanguage":"es-CL","@id":"https:\/\/caravanagrupoeditorial.com\/livros\/relatos-de-puerto-oculto\/#primaryimage","url":"https:\/\/i0.wp.com\/caravanagrupoeditorial.com\/wp-content\/uploads\/2026\/03\/MOCKUP_-Relatos-de-Puerto-Oculto-Lucas-Braga-Dos-Anjos-1.png?fit=1600%2C1600&ssl=1","contentUrl":"https:\/\/i0.wp.com\/caravanagrupoeditorial.com\/wp-content\/uploads\/2026\/03\/MOCKUP_-Relatos-de-Puerto-Oculto-Lucas-Braga-Dos-Anjos-1.png?fit=1600%2C1600&ssl=1","width":1600,"height":1600},{"@type":"BreadcrumbList","@id":"https:\/\/caravanagrupoeditorial.com\/livros\/relatos-de-puerto-oculto\/#breadcrumb","itemListElement":[{"@type":"ListItem","position":1,"name":"In\u00edcio","item":"https:\/\/caravanagrupoeditorial.com\/"},{"@type":"ListItem","position":2,"name":"Shop","item":"https:\/\/caravanagrupoeditorial.com\/shop\/"},{"@type":"ListItem","position":3,"name":"Relatos de Puerto Oculto"}]},{"@type":"WebSite","@id":"https:\/\/caravanagrupoeditorial.com\/#website","url":"https:\/\/caravanagrupoeditorial.com\/","name":"Cat\u00e1logo - Alicanto Editorial","description":"","publisher":{"@id":"https:\/\/caravanagrupoeditorial.com\/#organization"},"potentialAction":[{"@type":"SearchAction","target":{"@type":"EntryPoint","urlTemplate":"https:\/\/caravanagrupoeditorial.com\/?s={search_term_string}"},"query-input":{"@type":"PropertyValueSpecification","valueRequired":true,"valueName":"search_term_string"}}],"inLanguage":"es-CL"},{"@type":"Organization","@id":"https:\/\/caravanagrupoeditorial.com\/#organization","name":"Cat\u00e1logo - Alicanto Editorial","url":"https:\/\/caravanagrupoeditorial.com\/","logo":{"@type":"ImageObject","inLanguage":"es-CL","@id":"https:\/\/caravanagrupoeditorial.com\/#\/schema\/logo\/image\/","url":"https:\/\/caravanagrupoeditorial.com\/wp-content\/uploads\/2024\/02\/cropped-Logo_Caravana.png","contentUrl":"https:\/\/caravanagrupoeditorial.com\/wp-content\/uploads\/2024\/02\/cropped-Logo_Caravana.png","width":512,"height":512,"caption":"Caravana Grupo Editorial"},"image":{"@id":"https:\/\/caravanagrupoeditorial.com\/#\/schema\/logo\/image\/"},"sameAs":["https:\/\/www.facebook.com\/caravanagrupoeditorial","https:\/\/www.instagram.com\/caravanagrupoeditorial\/?hl=pt-br","https:\/\/www.youtube.com\/channel\/UCdD-xosEkpHCeRn2nDLiXfQ"]}]}},"jetpack_sharing_enabled":true,"brands":[{"id":20695,"name":"Renom","slug":"renom"}],"_links":{"self":[{"href":"https:\/\/caravanagrupoeditorial.com\/es_cl\/wp-json\/wp\/v2\/product\/101433","targetHints":{"allow":["GET"]}}],"collection":[{"href":"https:\/\/caravanagrupoeditorial.com\/es_cl\/wp-json\/wp\/v2\/product"}],"about":[{"href":"https:\/\/caravanagrupoeditorial.com\/es_cl\/wp-json\/wp\/v2\/types\/product"}],"replies":[{"embeddable":true,"href":"https:\/\/caravanagrupoeditorial.com\/es_cl\/wp-json\/wp\/v2\/comments?post=101433"}],"wp:featuredmedia":[{"embeddable":true,"href":"https:\/\/caravanagrupoeditorial.com\/es_cl\/wp-json\/wp\/v2\/media\/101435"}],"wp:attachment":[{"href":"https:\/\/caravanagrupoeditorial.com\/es_cl\/wp-json\/wp\/v2\/media?parent=101433"}],"wp:term":[{"taxonomy":"pwb-brand","embeddable":true,"href":"https:\/\/caravanagrupoeditorial.com\/es_cl\/wp-json\/wp\/v2\/pwb-brand?post=101433"},{"taxonomy":"product_brand","embeddable":true,"href":"https:\/\/caravanagrupoeditorial.com\/es_cl\/wp-json\/wp\/v2\/product_brand?post=101433"},{"taxonomy":"product_cat","embeddable":true,"href":"https:\/\/caravanagrupoeditorial.com\/es_cl\/wp-json\/wp\/v2\/product_cat?post=101433"},{"taxonomy":"product_tag","embeddable":true,"href":"https:\/\/caravanagrupoeditorial.com\/es_cl\/wp-json\/wp\/v2\/product_tag?post=101433"},{"taxonomy":"editora","embeddable":true,"href":"https:\/\/caravanagrupoeditorial.com\/es_cl\/wp-json\/wp\/v2\/editora?post=101433"}],"curies":[{"name":"wp","href":"https:\/\/api.w.org\/{rel}","templated":true}]}}

<p style="text-align: justify;">Si la historia se escribiera únicamente sobre los ganadores, ni el pueblo ni los personajes de estos cuentos tendrían lugar en memoria alguna, pues entre un marco de naturaleza feroz, magnánima y abrumadora, se ha constituido un asentamiento golpeado y opaco, donde se van entretejiendo los relatos de entes sin gloria, sin un pasaje a la eternidad, mas, con finas cuotas de ingenio y —a veces— entusiasmo, intentan ir más allá de su previsible estancamiento.</p>

<p>Si la historia se escribiera únicamente sobre los ganadores, ni el pueblo ni los personajes de estos cuentos tendrían lugar en memoria alguna, pues entre un marco de naturaleza feroz,</p>

<!-- This site is optimized with the Yoast SEO plugin v27.2 - https://yoast.com/product/yoast-seo-wordpress/ -->
<title>Relatos de Puerto Oculto - Caravana Grupo Editorial</title>
<meta name="robots" content="index, follow, max-snippet:-1, max-image-preview:large, max-video-preview:-1" />
<link rel="canonical" href="https://caravanagrupoeditorial.com/es_cl/livros/relatos-de-puerto-oculto/" />
<meta property="og:locale" content="es_ES" />
<meta property="og:type" content="article" />
<meta property="og:title" content="Relatos de Puerto Oculto - Caravana Grupo Editorial" />
<meta property="og:description" content="Si la historia se escribiera únicamente sobre los ganadores, ni el pueblo ni los personajes de estos cuentos tendrían lugar en memoria alguna, pues entre un marco de naturaleza feroz," />
<meta property="og:url" content="https://caravanagrupoeditorial.com/es_cl/livros/relatos-de-puerto-oculto/" />
<meta property="og:site_name" content="Caravana Grupo Editorial" />
<meta property="article:publisher" content="https://www.facebook.com/caravanagrupoeditorial" />
<meta property="article:modified_time" content="2026-03-13T14:06:55+00:00" />
<meta property="og:image" content="https://caravanagrupoeditorial.com/wp-content/uploads/2026/03/MOCKUP_-Relatos-de-Puerto-Oculto-Lucas-Braga-Dos-Anjos-1-800x800.png" />
	<meta property="og:image:width" content="800" />
	<meta property="og:image:height" content="800" />
	<meta property="og:image:type" content="image/png" />
<meta name="twitter:card" content="summary_large_image" />
<meta name="twitter:label1" content="Tiempo estimado de lectura" />
	<meta name="twitter:data1" content="1 minuto" />
<script type="application/ld+json" class="yoast-schema-graph">{"@context":"https://schema.org","@graph":[{"@type":"WebPage","@id":"https://caravanagrupoeditorial.com/livros/relatos-de-puerto-oculto/","url":"https://caravanagrupoeditorial.com/livros/relatos-de-puerto-oculto/","name":"Relatos de Puerto Oculto - Caravana Grupo Editorial","isPartOf":{"@id":"https://caravanagrupoeditorial.com/#website"},"primaryImageOfPage":{"@id":"https://caravanagrupoeditorial.com/livros/relatos-de-puerto-oculto/#primaryimage"},"image":{"@id":"https://caravanagrupoeditorial.com/livros/relatos-de-puerto-oculto/#primaryimage"},"thumbnailUrl":"https://i0.wp.com/caravanagrupoeditorial.com/wp-content/uploads/2026/03/MOCKUP_-Relatos-de-Puerto-Oculto-Lucas-Braga-Dos-Anjos-1.png?fit=1600%2C1600&ssl=1","datePublished":"2026-03-13T01:52:33+00:00","dateModified":"2026-03-13T14:06:55+00:00","breadcrumb":{"@id":"https://caravanagrupoeditorial.com/livros/relatos-de-puerto-oculto/#breadcrumb"},"inLanguage":"es-CL","potentialAction":[{"@type":"ReadAction","target":["https://caravanagrupoeditorial.com/livros/relatos-de-puerto-oculto/"]}]},{"@type":"ImageObject","inLanguage":"es-CL","@id":"https://caravanagrupoeditorial.com/livros/relatos-de-puerto-oculto/#primaryimage","url":"https://i0.wp.com/caravanagrupoeditorial.com/wp-content/uploads/2026/03/MOCKUP_-Relatos-de-Puerto-Oculto-Lucas-Braga-Dos-Anjos-1.png?fit=1600%2C1600&ssl=1","contentUrl":"https://i0.wp.com/caravanagrupoeditorial.com/wp-content/uploads/2026/03/MOCKUP_-Relatos-de-Puerto-Oculto-Lucas-Braga-Dos-Anjos-1.png?fit=1600%2C1600&ssl=1","width":1600,"height":1600},{"@type":"BreadcrumbList","@id":"https://caravanagrupoeditorial.com/livros/relatos-de-puerto-oculto/#breadcrumb","itemListElement":[{"@type":"ListItem","position":1,"name":"Início","item":"https://caravanagrupoeditorial.com/"},{"@type":"ListItem","position":2,"name":"Shop","item":"https://caravanagrupoeditorial.com/shop/"},{"@type":"ListItem","position":3,"name":"Relatos de Puerto Oculto"}]},{"@type":"WebSite","@id":"https://caravanagrupoeditorial.com/#website","url":"https://caravanagrupoeditorial.com/","name":"Caravana Grupo Editorial","description":"","publisher":{"@id":"https://caravanagrupoeditorial.com/#organization"},"potentialAction":[{"@type":"SearchAction","target":{"@type":"EntryPoint","urlTemplate":"https://caravanagrupoeditorial.com/?s={search_term_string}"},"query-input":{"@type":"PropertyValueSpecification","valueRequired":true,"valueName":"search_term_string"}}],"inLanguage":"es-CL"},{"@type":"Organization","@id":"https://caravanagrupoeditorial.com/#organization","name":"Caravana Grupo Editorial","url":"https://caravanagrupoeditorial.com/","logo":{"@type":"ImageObject","inLanguage":"es-CL","@id":"https://caravanagrupoeditorial.com/#/schema/logo/image/","url":"https://caravanagrupoeditorial.com/wp-content/uploads/2024/02/cropped-Logo_Caravana.png","contentUrl":"https://caravanagrupoeditorial.com/wp-content/uploads/2024/02/cropped-Logo_Caravana.png","width":512,"height":512,"caption":"Caravana Grupo Editorial"},"image":{"@id":"https://caravanagrupoeditorial.com/#/schema/logo/image/"},"sameAs":["https://www.facebook.com/caravanagrupoeditorial","https://www.instagram.com/caravanagrupoeditorial/?hl=pt-br","https://www.youtube.com/channel/UCdD-xosEkpHCeRn2nDLiXfQ"]}]}</script>
<!-- / Yoast SEO plugin. -->

Si la historia se escribiera únicamente sobre los ganadores, ni el pueblo ni los personajes de estos cuentos tendrían lugar en memoria alguna, pues entre un marco de naturaleza feroz,

Início

Catálogo - Alicanto Editorial
