{"id":101023,"date":"2026-03-01T13:20:34","date_gmt":"2026-03-01T16:20:34","guid":{"rendered":"https:\/\/caravanagrupoeditorial.com\/?post_type=product&#038;p=101023"},"modified":"2026-04-24T14:32:15","modified_gmt":"2026-04-24T17:32:15","slug":"pasajes-del-tiempo","status":"publish","type":"product","link":"https:\/\/caravanagrupoeditorial.com\/es_cl\/livros\/pasajes-del-tiempo\/","title":{"rendered":"Pasajes del tiempo"},"content":{"rendered":"<p style=\"text-align: justify;\">Pasajes del tiempo nace de los primeros versos del autor y se articula como un recorrido emocional a trav\u00e9s de las cuatro estaciones del a\u00f1o.<br \/>\nEl verano inicia el ciclo y trae consigo una carga esperanzadora, con miradas hacia un futuro prometedor o hacia un presente que tranquiliza. El oto\u00f1o invita a la reflexi\u00f3n y al cuestionamiento existencial, con emociones p\u00e1lidas color ocre, cual hojas que caen desde lo alto.<br \/>\nEn el invierno emerge la lluvia y, con ella, la nostalgia, la tristeza, el silencio y la pesadumbre. Finalmente, la primavera irrumpe con el amor, la pasi\u00f3n y el deseo; emociones que se encausan directo al coraz\u00f3n, ti\u00f1\u00e9ndolo de tornasol y esperanza.<\/p>","protected":false},"excerpt":{"rendered":"<p>Pasajes del tiempo nace de los primeros versos del autor y se articula como un recorrido emocional a trav\u00e9s de las cuatro estaciones del a\u00f1o. El verano inicia el ciclo<\/p>","protected":false},"featured_media":101025,"comment_status":"open","ping_status":"closed","template":"","meta":{"_acf_changed":false,"jetpack_post_was_ever_published":false,"_joinchat":[]},"pwb-brand":[20680],"product_brand":[],"product_cat":[169,19942],"product_tag":[134,136,20,137,22,23,135],"editora":[20618],"class_list":{"0":"post-101023","1":"product","2":"type-product","3":"status-publish","4":"has-post-thumbnail","6":"pwb-brand-tomas-sepulveda","7":"product_cat-poesia","8":"product_cat-pre-venda","9":"product_tag-autorindependente","10":"product_tag-caravana","11":"product_tag-caravana-grupo-editorial","12":"product_tag-editoraindependente","13":"product_tag-leitura-boa","14":"product_tag-literatura","15":"product_tag-livros","16":"editora-alicanto","17":"pre_capa-pre-capa","19":"first","20":"instock","21":"shipping-taxable","22":"purchasable","23":"product-type-simple"},"acf":[],"yoast_head":"<!-- This site is optimized with the Yoast SEO plugin v27.2 - https:\/\/yoast.com\/product\/yoast-seo-wordpress\/ -->\n<title>Pasajes del tiempo - Caravana Grupo Editorial<\/title>\n<meta name=\"robots\" content=\"index, follow, max-snippet:-1, max-image-preview:large, max-video-preview:-1\" \/>\n<link rel=\"canonical\" href=\"https:\/\/caravanagrupoeditorial.com\/es_cl\/livros\/pasajes-del-tiempo\/\" \/>\n<meta property=\"og:locale\" content=\"es_ES\" \/>\n<meta property=\"og:type\" content=\"article\" \/>\n<meta property=\"og:title\" content=\"Pasajes del tiempo - Caravana Grupo Editorial\" \/>\n<meta property=\"og:description\" content=\"Pasajes del tiempo nace de los primeros versos del autor y se articula como un recorrido emocional a trav\u00e9s de las cuatro estaciones del a\u00f1o. El verano inicia el ciclo\" \/>\n<meta property=\"og:url\" content=\"https:\/\/caravanagrupoeditorial.com\/es_cl\/livros\/pasajes-del-tiempo\/\" \/>\n<meta property=\"og:site_name\" content=\"Caravana Grupo Editorial\" \/>\n<meta property=\"article:publisher\" content=\"https:\/\/www.facebook.com\/caravanagrupoeditorial\" \/>\n<meta property=\"article:modified_time\" content=\"2026-04-24T17:32:15+00:00\" \/>\n<meta property=\"og:image\" content=\"https:\/\/caravanagrupoeditorial.com\/wp-content\/uploads\/2026\/03\/MOCKUP_-Pasajes-del-tiempo-Lucas-Braga-Dos-Anjos-800x800.png\" \/>\n\t<meta property=\"og:image:width\" content=\"800\" \/>\n\t<meta property=\"og:image:height\" content=\"800\" \/>\n\t<meta property=\"og:image:type\" content=\"image\/png\" \/>\n<meta name=\"twitter:card\" content=\"summary_large_image\" \/>\n<meta name=\"twitter:label1\" content=\"Tiempo estimado de lectura\" \/>\n\t<meta name=\"twitter:data1\" content=\"1 minuto\" \/>\n<script type=\"application\/ld+json\" class=\"yoast-schema-graph\">{\"@context\":\"https:\/\/schema.org\",\"@graph\":[{\"@type\":\"WebPage\",\"@id\":\"https:\/\/caravanagrupoeditorial.com\/livros\/pasajes-del-tiempo\/\",\"url\":\"https:\/\/caravanagrupoeditorial.com\/livros\/pasajes-del-tiempo\/\",\"name\":\"Pasajes del tiempo - Caravana Grupo Editorial\",\"isPartOf\":{\"@id\":\"https:\/\/caravanagrupoeditorial.com\/#website\"},\"primaryImageOfPage\":{\"@id\":\"https:\/\/caravanagrupoeditorial.com\/livros\/pasajes-del-tiempo\/#primaryimage\"},\"image\":{\"@id\":\"https:\/\/caravanagrupoeditorial.com\/livros\/pasajes-del-tiempo\/#primaryimage\"},\"thumbnailUrl\":\"https:\/\/i0.wp.com\/caravanagrupoeditorial.com\/wp-content\/uploads\/2026\/03\/MOCKUP_-Pasajes-del-tiempo-Lucas-Braga-Dos-Anjos.png?fit=1600%2C1600&ssl=1\",\"datePublished\":\"2026-03-01T16:20:34+00:00\",\"dateModified\":\"2026-04-24T17:32:15+00:00\",\"breadcrumb\":{\"@id\":\"https:\/\/caravanagrupoeditorial.com\/livros\/pasajes-del-tiempo\/#breadcrumb\"},\"inLanguage\":\"es-CL\",\"potentialAction\":[{\"@type\":\"ReadAction\",\"target\":[\"https:\/\/caravanagrupoeditorial.com\/livros\/pasajes-del-tiempo\/\"]}]},{\"@type\":\"ImageObject\",\"inLanguage\":\"es-CL\",\"@id\":\"https:\/\/caravanagrupoeditorial.com\/livros\/pasajes-del-tiempo\/#primaryimage\",\"url\":\"https:\/\/i0.wp.com\/caravanagrupoeditorial.com\/wp-content\/uploads\/2026\/03\/MOCKUP_-Pasajes-del-tiempo-Lucas-Braga-Dos-Anjos.png?fit=1600%2C1600&ssl=1\",\"contentUrl\":\"https:\/\/i0.wp.com\/caravanagrupoeditorial.com\/wp-content\/uploads\/2026\/03\/MOCKUP_-Pasajes-del-tiempo-Lucas-Braga-Dos-Anjos.png?fit=1600%2C1600&ssl=1\",\"width\":1600,\"height\":1600},{\"@type\":\"BreadcrumbList\",\"@id\":\"https:\/\/caravanagrupoeditorial.com\/livros\/pasajes-del-tiempo\/#breadcrumb\",\"itemListElement\":[{\"@type\":\"ListItem\",\"position\":1,\"name\":\"In\u00edcio\",\"item\":\"https:\/\/caravanagrupoeditorial.com\/\"},{\"@type\":\"ListItem\",\"position\":2,\"name\":\"Shop\",\"item\":\"https:\/\/caravanagrupoeditorial.com\/shop\/\"},{\"@type\":\"ListItem\",\"position\":3,\"name\":\"Pasajes del tiempo\"}]},{\"@type\":\"WebSite\",\"@id\":\"https:\/\/caravanagrupoeditorial.com\/#website\",\"url\":\"https:\/\/caravanagrupoeditorial.com\/\",\"name\":\"Caravana Grupo Editorial\",\"description\":\"\",\"publisher\":{\"@id\":\"https:\/\/caravanagrupoeditorial.com\/#organization\"},\"potentialAction\":[{\"@type\":\"SearchAction\",\"target\":{\"@type\":\"EntryPoint\",\"urlTemplate\":\"https:\/\/caravanagrupoeditorial.com\/?s={search_term_string}\"},\"query-input\":{\"@type\":\"PropertyValueSpecification\",\"valueRequired\":true,\"valueName\":\"search_term_string\"}}],\"inLanguage\":\"es-CL\"},{\"@type\":\"Organization\",\"@id\":\"https:\/\/caravanagrupoeditorial.com\/#organization\",\"name\":\"Caravana Grupo Editorial\",\"url\":\"https:\/\/caravanagrupoeditorial.com\/\",\"logo\":{\"@type\":\"ImageObject\",\"inLanguage\":\"es-CL\",\"@id\":\"https:\/\/caravanagrupoeditorial.com\/#\/schema\/logo\/image\/\",\"url\":\"https:\/\/caravanagrupoeditorial.com\/wp-content\/uploads\/2024\/02\/cropped-Logo_Caravana.png\",\"contentUrl\":\"https:\/\/caravanagrupoeditorial.com\/wp-content\/uploads\/2024\/02\/cropped-Logo_Caravana.png\",\"width\":512,\"height\":512,\"caption\":\"Caravana Grupo Editorial\"},\"image\":{\"@id\":\"https:\/\/caravanagrupoeditorial.com\/#\/schema\/logo\/image\/\"},\"sameAs\":[\"https:\/\/www.facebook.com\/caravanagrupoeditorial\",\"https:\/\/www.instagram.com\/caravanagrupoeditorial\/?hl=pt-br\",\"https:\/\/www.youtube.com\/channel\/UCdD-xosEkpHCeRn2nDLiXfQ\"]}]}<\/script>\n<!-- \/ Yoast SEO plugin. -->","yoast_head_json":{"title":"Pasajes del tiempo - Caravana Grupo Editorial","robots":{"index":"index","follow":"follow","max-snippet":"max-snippet:-1","max-image-preview":"max-image-preview:large","max-video-preview":"max-video-preview:-1"},"canonical":"https:\/\/caravanagrupoeditorial.com\/es_cl\/livros\/pasajes-del-tiempo\/","og_locale":"es_ES","og_type":"article","og_title":"Pasajes del tiempo - Caravana Grupo Editorial","og_description":"Pasajes del tiempo nace de los primeros versos del autor y se articula como un recorrido emocional a trav\u00e9s de las cuatro estaciones del a\u00f1o. El verano inicia el ciclo","og_url":"https:\/\/caravanagrupoeditorial.com\/es_cl\/livros\/pasajes-del-tiempo\/","og_site_name":"Caravana Grupo Editorial","article_publisher":"https:\/\/www.facebook.com\/caravanagrupoeditorial","article_modified_time":"2026-04-24T17:32:15+00:00","og_image":[{"width":800,"height":800,"url":"https:\/\/caravanagrupoeditorial.com\/wp-content\/uploads\/2026\/03\/MOCKUP_-Pasajes-del-tiempo-Lucas-Braga-Dos-Anjos-800x800.png","type":"image\/png"}],"twitter_card":"summary_large_image","twitter_misc":{"Tiempo estimado de lectura":"1 minuto"},"schema":{"@context":"https:\/\/schema.org","@graph":[{"@type":"WebPage","@id":"https:\/\/caravanagrupoeditorial.com\/livros\/pasajes-del-tiempo\/","url":"https:\/\/caravanagrupoeditorial.com\/livros\/pasajes-del-tiempo\/","name":"Pasajes del tiempo - Caravana Grupo Editorial","isPartOf":{"@id":"https:\/\/caravanagrupoeditorial.com\/#website"},"primaryImageOfPage":{"@id":"https:\/\/caravanagrupoeditorial.com\/livros\/pasajes-del-tiempo\/#primaryimage"},"image":{"@id":"https:\/\/caravanagrupoeditorial.com\/livros\/pasajes-del-tiempo\/#primaryimage"},"thumbnailUrl":"https:\/\/i0.wp.com\/caravanagrupoeditorial.com\/wp-content\/uploads\/2026\/03\/MOCKUP_-Pasajes-del-tiempo-Lucas-Braga-Dos-Anjos.png?fit=1600%2C1600&ssl=1","datePublished":"2026-03-01T16:20:34+00:00","dateModified":"2026-04-24T17:32:15+00:00","breadcrumb":{"@id":"https:\/\/caravanagrupoeditorial.com\/livros\/pasajes-del-tiempo\/#breadcrumb"},"inLanguage":"es-CL","potentialAction":[{"@type":"ReadAction","target":["https:\/\/caravanagrupoeditorial.com\/livros\/pasajes-del-tiempo\/"]}]},{"@type":"ImageObject","inLanguage":"es-CL","@id":"https:\/\/caravanagrupoeditorial.com\/livros\/pasajes-del-tiempo\/#primaryimage","url":"https:\/\/i0.wp.com\/caravanagrupoeditorial.com\/wp-content\/uploads\/2026\/03\/MOCKUP_-Pasajes-del-tiempo-Lucas-Braga-Dos-Anjos.png?fit=1600%2C1600&ssl=1","contentUrl":"https:\/\/i0.wp.com\/caravanagrupoeditorial.com\/wp-content\/uploads\/2026\/03\/MOCKUP_-Pasajes-del-tiempo-Lucas-Braga-Dos-Anjos.png?fit=1600%2C1600&ssl=1","width":1600,"height":1600},{"@type":"BreadcrumbList","@id":"https:\/\/caravanagrupoeditorial.com\/livros\/pasajes-del-tiempo\/#breadcrumb","itemListElement":[{"@type":"ListItem","position":1,"name":"In\u00edcio","item":"https:\/\/caravanagrupoeditorial.com\/"},{"@type":"ListItem","position":2,"name":"Shop","item":"https:\/\/caravanagrupoeditorial.com\/shop\/"},{"@type":"ListItem","position":3,"name":"Pasajes del tiempo"}]},{"@type":"WebSite","@id":"https:\/\/caravanagrupoeditorial.com\/#website","url":"https:\/\/caravanagrupoeditorial.com\/","name":"Cat\u00e1logo - Alicanto Editorial","description":"","publisher":{"@id":"https:\/\/caravanagrupoeditorial.com\/#organization"},"potentialAction":[{"@type":"SearchAction","target":{"@type":"EntryPoint","urlTemplate":"https:\/\/caravanagrupoeditorial.com\/?s={search_term_string}"},"query-input":{"@type":"PropertyValueSpecification","valueRequired":true,"valueName":"search_term_string"}}],"inLanguage":"es-CL"},{"@type":"Organization","@id":"https:\/\/caravanagrupoeditorial.com\/#organization","name":"Cat\u00e1logo - Alicanto Editorial","url":"https:\/\/caravanagrupoeditorial.com\/","logo":{"@type":"ImageObject","inLanguage":"es-CL","@id":"https:\/\/caravanagrupoeditorial.com\/#\/schema\/logo\/image\/","url":"https:\/\/caravanagrupoeditorial.com\/wp-content\/uploads\/2024\/02\/cropped-Logo_Caravana.png","contentUrl":"https:\/\/caravanagrupoeditorial.com\/wp-content\/uploads\/2024\/02\/cropped-Logo_Caravana.png","width":512,"height":512,"caption":"Caravana Grupo Editorial"},"image":{"@id":"https:\/\/caravanagrupoeditorial.com\/#\/schema\/logo\/image\/"},"sameAs":["https:\/\/www.facebook.com\/caravanagrupoeditorial","https:\/\/www.instagram.com\/caravanagrupoeditorial\/?hl=pt-br","https:\/\/www.youtube.com\/channel\/UCdD-xosEkpHCeRn2nDLiXfQ"]}]}},"jetpack_sharing_enabled":true,"brands":[{"id":20680,"name":"Tom\u00e1s Sep\u00falveda","slug":"tomas-sepulveda"}],"_links":{"self":[{"href":"https:\/\/caravanagrupoeditorial.com\/es_cl\/wp-json\/wp\/v2\/product\/101023","targetHints":{"allow":["GET"]}}],"collection":[{"href":"https:\/\/caravanagrupoeditorial.com\/es_cl\/wp-json\/wp\/v2\/product"}],"about":[{"href":"https:\/\/caravanagrupoeditorial.com\/es_cl\/wp-json\/wp\/v2\/types\/product"}],"replies":[{"embeddable":true,"href":"https:\/\/caravanagrupoeditorial.com\/es_cl\/wp-json\/wp\/v2\/comments?post=101023"}],"wp:featuredmedia":[{"embeddable":true,"href":"https:\/\/caravanagrupoeditorial.com\/es_cl\/wp-json\/wp\/v2\/media\/101025"}],"wp:attachment":[{"href":"https:\/\/caravanagrupoeditorial.com\/es_cl\/wp-json\/wp\/v2\/media?parent=101023"}],"wp:term":[{"taxonomy":"pwb-brand","embeddable":true,"href":"https:\/\/caravanagrupoeditorial.com\/es_cl\/wp-json\/wp\/v2\/pwb-brand?post=101023"},{"taxonomy":"product_brand","embeddable":true,"href":"https:\/\/caravanagrupoeditorial.com\/es_cl\/wp-json\/wp\/v2\/product_brand?post=101023"},{"taxonomy":"product_cat","embeddable":true,"href":"https:\/\/caravanagrupoeditorial.com\/es_cl\/wp-json\/wp\/v2\/product_cat?post=101023"},{"taxonomy":"product_tag","embeddable":true,"href":"https:\/\/caravanagrupoeditorial.com\/es_cl\/wp-json\/wp\/v2\/product_tag?post=101023"},{"taxonomy":"editora","embeddable":true,"href":"https:\/\/caravanagrupoeditorial.com\/es_cl\/wp-json\/wp\/v2\/editora?post=101023"}],"curies":[{"name":"wp","href":"https:\/\/api.w.org\/{rel}","templated":true}]}}

<p style="text-align: justify;">Pasajes del tiempo nace de los primeros versos del autor y se articula como un recorrido emocional a través de las cuatro estaciones del año.<br />
El verano inicia el ciclo y trae consigo una carga esperanzadora, con miradas hacia un futuro prometedor o hacia un presente que tranquiliza. El otoño invita a la reflexión y al cuestionamiento existencial, con emociones pálidas color ocre, cual hojas que caen desde lo alto.<br />
En el invierno emerge la lluvia y, con ella, la nostalgia, la tristeza, el silencio y la pesadumbre. Finalmente, la primavera irrumpe con el amor, la pasión y el deseo; emociones que se encausan directo al corazón, tiñéndolo de tornasol y esperanza.</p>

<p>Pasajes del tiempo nace de los primeros versos del autor y se articula como un recorrido emocional a través de las cuatro estaciones del año. El verano inicia el ciclo</p>

<!-- This site is optimized with the Yoast SEO plugin v27.2 - https://yoast.com/product/yoast-seo-wordpress/ -->
<title>Pasajes del tiempo - Caravana Grupo Editorial</title>
<meta name="robots" content="index, follow, max-snippet:-1, max-image-preview:large, max-video-preview:-1" />
<link rel="canonical" href="https://caravanagrupoeditorial.com/es_cl/livros/pasajes-del-tiempo/" />
<meta property="og:locale" content="es_ES" />
<meta property="og:type" content="article" />
<meta property="og:title" content="Pasajes del tiempo - Caravana Grupo Editorial" />
<meta property="og:description" content="Pasajes del tiempo nace de los primeros versos del autor y se articula como un recorrido emocional a través de las cuatro estaciones del año. El verano inicia el ciclo" />
<meta property="og:url" content="https://caravanagrupoeditorial.com/es_cl/livros/pasajes-del-tiempo/" />
<meta property="og:site_name" content="Caravana Grupo Editorial" />
<meta property="article:publisher" content="https://www.facebook.com/caravanagrupoeditorial" />
<meta property="article:modified_time" content="2026-04-24T17:32:15+00:00" />
<meta property="og:image" content="https://caravanagrupoeditorial.com/wp-content/uploads/2026/03/MOCKUP_-Pasajes-del-tiempo-Lucas-Braga-Dos-Anjos-800x800.png" />
	<meta property="og:image:width" content="800" />
	<meta property="og:image:height" content="800" />
	<meta property="og:image:type" content="image/png" />
<meta name="twitter:card" content="summary_large_image" />
<meta name="twitter:label1" content="Tiempo estimado de lectura" />
	<meta name="twitter:data1" content="1 minuto" />
<script type="application/ld+json" class="yoast-schema-graph">{"@context":"https://schema.org","@graph":[{"@type":"WebPage","@id":"https://caravanagrupoeditorial.com/livros/pasajes-del-tiempo/","url":"https://caravanagrupoeditorial.com/livros/pasajes-del-tiempo/","name":"Pasajes del tiempo - Caravana Grupo Editorial","isPartOf":{"@id":"https://caravanagrupoeditorial.com/#website"},"primaryImageOfPage":{"@id":"https://caravanagrupoeditorial.com/livros/pasajes-del-tiempo/#primaryimage"},"image":{"@id":"https://caravanagrupoeditorial.com/livros/pasajes-del-tiempo/#primaryimage"},"thumbnailUrl":"https://i0.wp.com/caravanagrupoeditorial.com/wp-content/uploads/2026/03/MOCKUP_-Pasajes-del-tiempo-Lucas-Braga-Dos-Anjos.png?fit=1600%2C1600&ssl=1","datePublished":"2026-03-01T16:20:34+00:00","dateModified":"2026-04-24T17:32:15+00:00","breadcrumb":{"@id":"https://caravanagrupoeditorial.com/livros/pasajes-del-tiempo/#breadcrumb"},"inLanguage":"es-CL","potentialAction":[{"@type":"ReadAction","target":["https://caravanagrupoeditorial.com/livros/pasajes-del-tiempo/"]}]},{"@type":"ImageObject","inLanguage":"es-CL","@id":"https://caravanagrupoeditorial.com/livros/pasajes-del-tiempo/#primaryimage","url":"https://i0.wp.com/caravanagrupoeditorial.com/wp-content/uploads/2026/03/MOCKUP_-Pasajes-del-tiempo-Lucas-Braga-Dos-Anjos.png?fit=1600%2C1600&ssl=1","contentUrl":"https://i0.wp.com/caravanagrupoeditorial.com/wp-content/uploads/2026/03/MOCKUP_-Pasajes-del-tiempo-Lucas-Braga-Dos-Anjos.png?fit=1600%2C1600&ssl=1","width":1600,"height":1600},{"@type":"BreadcrumbList","@id":"https://caravanagrupoeditorial.com/livros/pasajes-del-tiempo/#breadcrumb","itemListElement":[{"@type":"ListItem","position":1,"name":"Início","item":"https://caravanagrupoeditorial.com/"},{"@type":"ListItem","position":2,"name":"Shop","item":"https://caravanagrupoeditorial.com/shop/"},{"@type":"ListItem","position":3,"name":"Pasajes del tiempo"}]},{"@type":"WebSite","@id":"https://caravanagrupoeditorial.com/#website","url":"https://caravanagrupoeditorial.com/","name":"Caravana Grupo Editorial","description":"","publisher":{"@id":"https://caravanagrupoeditorial.com/#organization"},"potentialAction":[{"@type":"SearchAction","target":{"@type":"EntryPoint","urlTemplate":"https://caravanagrupoeditorial.com/?s={search_term_string}"},"query-input":{"@type":"PropertyValueSpecification","valueRequired":true,"valueName":"search_term_string"}}],"inLanguage":"es-CL"},{"@type":"Organization","@id":"https://caravanagrupoeditorial.com/#organization","name":"Caravana Grupo Editorial","url":"https://caravanagrupoeditorial.com/","logo":{"@type":"ImageObject","inLanguage":"es-CL","@id":"https://caravanagrupoeditorial.com/#/schema/logo/image/","url":"https://caravanagrupoeditorial.com/wp-content/uploads/2024/02/cropped-Logo_Caravana.png","contentUrl":"https://caravanagrupoeditorial.com/wp-content/uploads/2024/02/cropped-Logo_Caravana.png","width":512,"height":512,"caption":"Caravana Grupo Editorial"},"image":{"@id":"https://caravanagrupoeditorial.com/#/schema/logo/image/"},"sameAs":["https://www.facebook.com/caravanagrupoeditorial","https://www.instagram.com/caravanagrupoeditorial/?hl=pt-br","https://www.youtube.com/channel/UCdD-xosEkpHCeRn2nDLiXfQ"]}]}</script>
<!-- / Yoast SEO plugin. -->

Pasajes del tiempo nace de los primeros versos del autor y se articula como un recorrido emocional a través de las cuatro estaciones del año. El verano inicia el ciclo

Início

Catálogo - Alicanto Editorial

Tomás Sepúlveda
