{"id":100115,"date":"2025-10-29T20:57:06","date_gmt":"2025-10-29T23:57:06","guid":{"rendered":"https:\/\/caravanagrupoeditorial.com\/?post_type=product&#038;p=100115"},"modified":"2026-04-02T23:43:52","modified_gmt":"2026-04-03T02:43:52","slug":"como-el-sol-de-febrero","status":"publish","type":"product","link":"https:\/\/caravanagrupoeditorial.com\/es\/livros\/como-el-sol-de-febrero\/","title":{"rendered":"Como el sol de febrero"},"content":{"rendered":"<p style=\"text-align: justify;\">Como el sol de febrero se acerca al lector, con la tibieza de un sol que a\u00fan no es completamente fuerte, y la fugacidad del calor antes de desvanecerse.<br \/>\nEste ciclo de transformaci\u00f3n se vuelve escenario para explorar la historia familiar, la herencia, la memoria, el olvido, la fragilidad.<br \/>\n\u00bfC\u00f3mo se dice la rama rota del \u00e1rbol geneal\u00f3gico?, \u00bfEs posible construir un paisaje habitable entre la nostalgia y la aceptaci\u00f3n?, \u00bfQui\u00e9n dice la historia ahora?<br \/>\nLa voz po\u00e9tica nos prepara para el impacto, para la vida sin guion t\u00e9cnico, una eleg\u00eda entre el amor y el sinsentido.<\/p>\n<p>Anna Pinotti.<\/p>","protected":false},"excerpt":{"rendered":"<p>Como el sol de febrero se acerca al lector, con la tibieza de un sol que a\u00fan no es completamente fuerte, y la fugacidad del calor antes de desvanecerse. Este<\/p>","protected":false},"featured_media":100116,"comment_status":"open","ping_status":"closed","template":"","meta":{"_acf_changed":false,"jetpack_post_was_ever_published":true,"_joinchat":[]},"pwb-brand":[20617],"product_brand":[],"product_cat":[748,20632,169,19942,20190],"product_tag":[136,835,137,23],"editora":[20602],"class_list":{"0":"post-100115","1":"product","2":"type-product","3":"status-publish","4":"has-post-thumbnail","6":"pwb-brand-laura-a-lopez","7":"product_cat-espanhol","8":"product_cat-kuntur","9":"product_cat-poesia","10":"product_cat-pre-venda","11":"product_cat-traducoes","12":"product_tag-caravana","13":"product_tag-caravanagrupoeditorial","14":"product_tag-editoraindependente","15":"product_tag-literatura","16":"editora-kuntur","17":"pre_capa-pre-capa","19":"first","20":"instock","21":"shipping-taxable","22":"purchasable","23":"product-type-simple"},"acf":[],"yoast_head":"<!-- This site is optimized with the Yoast SEO plugin v27.2 - https:\/\/yoast.com\/product\/yoast-seo-wordpress\/ -->\n<title>Como el sol de febrero - Caravana Grupo Editorial<\/title>\n<meta name=\"robots\" content=\"index, follow, max-snippet:-1, max-image-preview:large, max-video-preview:-1\" \/>\n<link rel=\"canonical\" href=\"https:\/\/caravanagrupoeditorial.com\/es\/livros\/como-el-sol-de-febrero\/\" \/>\n<meta property=\"og:locale\" content=\"es_ES\" \/>\n<meta property=\"og:type\" content=\"article\" \/>\n<meta property=\"og:title\" content=\"Como el sol de febrero - Caravana Grupo Editorial\" \/>\n<meta property=\"og:description\" content=\"Como el sol de febrero se acerca al lector, con la tibieza de un sol que a\u00fan no es completamente fuerte, y la fugacidad del calor antes de desvanecerse. Este\" \/>\n<meta property=\"og:url\" content=\"https:\/\/caravanagrupoeditorial.com\/es\/livros\/como-el-sol-de-febrero\/\" \/>\n<meta property=\"og:site_name\" content=\"Caravana Grupo Editorial\" \/>\n<meta property=\"article:publisher\" content=\"https:\/\/www.facebook.com\/caravanagrupoeditorial\" \/>\n<meta property=\"article:modified_time\" content=\"2026-04-03T02:43:52+00:00\" \/>\n<meta property=\"og:image\" content=\"https:\/\/caravanagrupoeditorial.com\/wp-content\/uploads\/2026\/02\/Imagem-do-WhatsApp-de-2025-10-30-as-16.30.18_a04b0cd2.jpg\" \/>\n\t<meta property=\"og:image:width\" content=\"1600\" \/>\n\t<meta property=\"og:image:height\" content=\"1600\" \/>\n\t<meta property=\"og:image:type\" content=\"image\/jpeg\" \/>\n<meta name=\"twitter:card\" content=\"summary_large_image\" \/>\n<meta name=\"twitter:label1\" content=\"Est. reading time\" \/>\n\t<meta name=\"twitter:data1\" content=\"1 minuto\" \/>\n<script type=\"application\/ld+json\" class=\"yoast-schema-graph\">{\"@context\":\"https:\/\/schema.org\",\"@graph\":[{\"@type\":\"WebPage\",\"@id\":\"https:\/\/caravanagrupoeditorial.com\/livros\/como-el-sol-de-febrero\/\",\"url\":\"https:\/\/caravanagrupoeditorial.com\/livros\/como-el-sol-de-febrero\/\",\"name\":\"Como el sol de febrero - Caravana Grupo Editorial\",\"isPartOf\":{\"@id\":\"https:\/\/caravanagrupoeditorial.com\/#website\"},\"primaryImageOfPage\":{\"@id\":\"https:\/\/caravanagrupoeditorial.com\/livros\/como-el-sol-de-febrero\/#primaryimage\"},\"image\":{\"@id\":\"https:\/\/caravanagrupoeditorial.com\/livros\/como-el-sol-de-febrero\/#primaryimage\"},\"thumbnailUrl\":\"https:\/\/i0.wp.com\/caravanagrupoeditorial.com\/wp-content\/uploads\/2026\/02\/Imagem-do-WhatsApp-de-2025-10-30-as-16.30.18_a04b0cd2.jpg?fit=1600%2C1600&ssl=1\",\"datePublished\":\"2025-10-29T23:57:06+00:00\",\"dateModified\":\"2026-04-03T02:43:52+00:00\",\"breadcrumb\":{\"@id\":\"https:\/\/caravanagrupoeditorial.com\/livros\/como-el-sol-de-febrero\/#breadcrumb\"},\"inLanguage\":\"es-PE\",\"potentialAction\":[{\"@type\":\"ReadAction\",\"target\":[\"https:\/\/caravanagrupoeditorial.com\/livros\/como-el-sol-de-febrero\/\"]}]},{\"@type\":\"ImageObject\",\"inLanguage\":\"es-PE\",\"@id\":\"https:\/\/caravanagrupoeditorial.com\/livros\/como-el-sol-de-febrero\/#primaryimage\",\"url\":\"https:\/\/i0.wp.com\/caravanagrupoeditorial.com\/wp-content\/uploads\/2026\/02\/Imagem-do-WhatsApp-de-2025-10-30-as-16.30.18_a04b0cd2.jpg?fit=1600%2C1600&ssl=1\",\"contentUrl\":\"https:\/\/i0.wp.com\/caravanagrupoeditorial.com\/wp-content\/uploads\/2026\/02\/Imagem-do-WhatsApp-de-2025-10-30-as-16.30.18_a04b0cd2.jpg?fit=1600%2C1600&ssl=1\",\"width\":1600,\"height\":1600},{\"@type\":\"BreadcrumbList\",\"@id\":\"https:\/\/caravanagrupoeditorial.com\/livros\/como-el-sol-de-febrero\/#breadcrumb\",\"itemListElement\":[{\"@type\":\"ListItem\",\"position\":1,\"name\":\"In\u00edcio\",\"item\":\"https:\/\/caravanagrupoeditorial.com\/\"},{\"@type\":\"ListItem\",\"position\":2,\"name\":\"Shop\",\"item\":\"https:\/\/caravanagrupoeditorial.com\/shop\/\"},{\"@type\":\"ListItem\",\"position\":3,\"name\":\"Como el sol de febrero\"}]},{\"@type\":\"WebSite\",\"@id\":\"https:\/\/caravanagrupoeditorial.com\/#website\",\"url\":\"https:\/\/caravanagrupoeditorial.com\/\",\"name\":\"Caravana Grupo Editorial\",\"description\":\"\",\"publisher\":{\"@id\":\"https:\/\/caravanagrupoeditorial.com\/#organization\"},\"potentialAction\":[{\"@type\":\"SearchAction\",\"target\":{\"@type\":\"EntryPoint\",\"urlTemplate\":\"https:\/\/caravanagrupoeditorial.com\/?s={search_term_string}\"},\"query-input\":{\"@type\":\"PropertyValueSpecification\",\"valueRequired\":true,\"valueName\":\"search_term_string\"}}],\"inLanguage\":\"es-PE\"},{\"@type\":\"Organization\",\"@id\":\"https:\/\/caravanagrupoeditorial.com\/#organization\",\"name\":\"Caravana Grupo Editorial\",\"url\":\"https:\/\/caravanagrupoeditorial.com\/\",\"logo\":{\"@type\":\"ImageObject\",\"inLanguage\":\"es-PE\",\"@id\":\"https:\/\/caravanagrupoeditorial.com\/#\/schema\/logo\/image\/\",\"url\":\"https:\/\/caravanagrupoeditorial.com\/wp-content\/uploads\/2024\/02\/cropped-Logo_Caravana.png\",\"contentUrl\":\"https:\/\/caravanagrupoeditorial.com\/wp-content\/uploads\/2024\/02\/cropped-Logo_Caravana.png\",\"width\":512,\"height\":512,\"caption\":\"Caravana Grupo Editorial\"},\"image\":{\"@id\":\"https:\/\/caravanagrupoeditorial.com\/#\/schema\/logo\/image\/\"},\"sameAs\":[\"https:\/\/www.facebook.com\/caravanagrupoeditorial\",\"https:\/\/www.instagram.com\/caravanagrupoeditorial\/?hl=pt-br\",\"https:\/\/www.youtube.com\/channel\/UCdD-xosEkpHCeRn2nDLiXfQ\"]}]}<\/script>\n<!-- \/ Yoast SEO plugin. -->","yoast_head_json":{"title":"Como el sol de febrero - Caravana Grupo Editorial","robots":{"index":"index","follow":"follow","max-snippet":"max-snippet:-1","max-image-preview":"max-image-preview:large","max-video-preview":"max-video-preview:-1"},"canonical":"https:\/\/caravanagrupoeditorial.com\/es\/livros\/como-el-sol-de-febrero\/","og_locale":"es_ES","og_type":"article","og_title":"Como el sol de febrero - Caravana Grupo Editorial","og_description":"Como el sol de febrero se acerca al lector, con la tibieza de un sol que a\u00fan no es completamente fuerte, y la fugacidad del calor antes de desvanecerse. Este","og_url":"https:\/\/caravanagrupoeditorial.com\/es\/livros\/como-el-sol-de-febrero\/","og_site_name":"Caravana Grupo Editorial","article_publisher":"https:\/\/www.facebook.com\/caravanagrupoeditorial","article_modified_time":"2026-04-03T02:43:52+00:00","og_image":[{"width":1600,"height":1600,"url":"https:\/\/caravanagrupoeditorial.com\/wp-content\/uploads\/2026\/02\/Imagem-do-WhatsApp-de-2025-10-30-as-16.30.18_a04b0cd2.jpg","type":"image\/jpeg"}],"twitter_card":"summary_large_image","twitter_misc":{"Est. reading time":"1 minuto"},"schema":{"@context":"https:\/\/schema.org","@graph":[{"@type":"WebPage","@id":"https:\/\/caravanagrupoeditorial.com\/livros\/como-el-sol-de-febrero\/","url":"https:\/\/caravanagrupoeditorial.com\/livros\/como-el-sol-de-febrero\/","name":"Como el sol de febrero - Caravana Grupo Editorial","isPartOf":{"@id":"https:\/\/caravanagrupoeditorial.com\/#website"},"primaryImageOfPage":{"@id":"https:\/\/caravanagrupoeditorial.com\/livros\/como-el-sol-de-febrero\/#primaryimage"},"image":{"@id":"https:\/\/caravanagrupoeditorial.com\/livros\/como-el-sol-de-febrero\/#primaryimage"},"thumbnailUrl":"https:\/\/i0.wp.com\/caravanagrupoeditorial.com\/wp-content\/uploads\/2026\/02\/Imagem-do-WhatsApp-de-2025-10-30-as-16.30.18_a04b0cd2.jpg?fit=1600%2C1600&ssl=1","datePublished":"2025-10-29T23:57:06+00:00","dateModified":"2026-04-03T02:43:52+00:00","breadcrumb":{"@id":"https:\/\/caravanagrupoeditorial.com\/livros\/como-el-sol-de-febrero\/#breadcrumb"},"inLanguage":"es-PE","potentialAction":[{"@type":"ReadAction","target":["https:\/\/caravanagrupoeditorial.com\/livros\/como-el-sol-de-febrero\/"]}]},{"@type":"ImageObject","inLanguage":"es-PE","@id":"https:\/\/caravanagrupoeditorial.com\/livros\/como-el-sol-de-febrero\/#primaryimage","url":"https:\/\/i0.wp.com\/caravanagrupoeditorial.com\/wp-content\/uploads\/2026\/02\/Imagem-do-WhatsApp-de-2025-10-30-as-16.30.18_a04b0cd2.jpg?fit=1600%2C1600&ssl=1","contentUrl":"https:\/\/i0.wp.com\/caravanagrupoeditorial.com\/wp-content\/uploads\/2026\/02\/Imagem-do-WhatsApp-de-2025-10-30-as-16.30.18_a04b0cd2.jpg?fit=1600%2C1600&ssl=1","width":1600,"height":1600},{"@type":"BreadcrumbList","@id":"https:\/\/caravanagrupoeditorial.com\/livros\/como-el-sol-de-febrero\/#breadcrumb","itemListElement":[{"@type":"ListItem","position":1,"name":"In\u00edcio","item":"https:\/\/caravanagrupoeditorial.com\/"},{"@type":"ListItem","position":2,"name":"Shop","item":"https:\/\/caravanagrupoeditorial.com\/shop\/"},{"@type":"ListItem","position":3,"name":"Como el sol de febrero"}]},{"@type":"WebSite","@id":"https:\/\/caravanagrupoeditorial.com\/#website","url":"https:\/\/caravanagrupoeditorial.com\/","name":"Cat\u00e1logo - Kuntur Editorial","description":"","publisher":{"@id":"https:\/\/caravanagrupoeditorial.com\/#organization"},"potentialAction":[{"@type":"SearchAction","target":{"@type":"EntryPoint","urlTemplate":"https:\/\/caravanagrupoeditorial.com\/?s={search_term_string}"},"query-input":{"@type":"PropertyValueSpecification","valueRequired":true,"valueName":"search_term_string"}}],"inLanguage":"es-PE"},{"@type":"Organization","@id":"https:\/\/caravanagrupoeditorial.com\/#organization","name":"Cat\u00e1logo - Kuntur Editorial","url":"https:\/\/caravanagrupoeditorial.com\/","logo":{"@type":"ImageObject","inLanguage":"es-PE","@id":"https:\/\/caravanagrupoeditorial.com\/#\/schema\/logo\/image\/","url":"https:\/\/caravanagrupoeditorial.com\/wp-content\/uploads\/2024\/02\/cropped-Logo_Caravana.png","contentUrl":"https:\/\/caravanagrupoeditorial.com\/wp-content\/uploads\/2024\/02\/cropped-Logo_Caravana.png","width":512,"height":512,"caption":"Caravana Grupo Editorial"},"image":{"@id":"https:\/\/caravanagrupoeditorial.com\/#\/schema\/logo\/image\/"},"sameAs":["https:\/\/www.facebook.com\/caravanagrupoeditorial","https:\/\/www.instagram.com\/caravanagrupoeditorial\/?hl=pt-br","https:\/\/www.youtube.com\/channel\/UCdD-xosEkpHCeRn2nDLiXfQ"]}]}},"jetpack_sharing_enabled":true,"brands":[{"id":20617,"name":"Laura A. L\u00f3pez","slug":"laura-a-lopez"}],"_links":{"self":[{"href":"https:\/\/caravanagrupoeditorial.com\/es\/wp-json\/wp\/v2\/product\/100115","targetHints":{"allow":["GET"]}}],"collection":[{"href":"https:\/\/caravanagrupoeditorial.com\/es\/wp-json\/wp\/v2\/product"}],"about":[{"href":"https:\/\/caravanagrupoeditorial.com\/es\/wp-json\/wp\/v2\/types\/product"}],"replies":[{"embeddable":true,"href":"https:\/\/caravanagrupoeditorial.com\/es\/wp-json\/wp\/v2\/comments?post=100115"}],"wp:featuredmedia":[{"embeddable":true,"href":"https:\/\/caravanagrupoeditorial.com\/es\/wp-json\/wp\/v2\/media\/100116"}],"wp:attachment":[{"href":"https:\/\/caravanagrupoeditorial.com\/es\/wp-json\/wp\/v2\/media?parent=100115"}],"wp:term":[{"taxonomy":"pwb-brand","embeddable":true,"href":"https:\/\/caravanagrupoeditorial.com\/es\/wp-json\/wp\/v2\/pwb-brand?post=100115"},{"taxonomy":"product_brand","embeddable":true,"href":"https:\/\/caravanagrupoeditorial.com\/es\/wp-json\/wp\/v2\/product_brand?post=100115"},{"taxonomy":"product_cat","embeddable":true,"href":"https:\/\/caravanagrupoeditorial.com\/es\/wp-json\/wp\/v2\/product_cat?post=100115"},{"taxonomy":"product_tag","embeddable":true,"href":"https:\/\/caravanagrupoeditorial.com\/es\/wp-json\/wp\/v2\/product_tag?post=100115"},{"taxonomy":"editora","embeddable":true,"href":"https:\/\/caravanagrupoeditorial.com\/es\/wp-json\/wp\/v2\/editora?post=100115"}],"curies":[{"name":"wp","href":"https:\/\/api.w.org\/{rel}","templated":true}]}}

<p style="text-align: justify;">Como el sol de febrero se acerca al lector, con la tibieza de un sol que aún no es completamente fuerte, y la fugacidad del calor antes de desvanecerse.<br />
Este ciclo de transformación se vuelve escenario para explorar la historia familiar, la herencia, la memoria, el olvido, la fragilidad.<br />
¿Cómo se dice la rama rota del árbol genealógico?, ¿Es posible construir un paisaje habitable entre la nostalgia y la aceptación?, ¿Quién dice la historia ahora?<br />
La voz poética nos prepara para el impacto, para la vida sin guion técnico, una elegía entre el amor y el sinsentido.</p>
<p>Anna Pinotti.</p>

<p>Como el sol de febrero se acerca al lector, con la tibieza de un sol que aún no es completamente fuerte, y la fugacidad del calor antes de desvanecerse. Este</p>

<!-- This site is optimized with the Yoast SEO plugin v27.2 - https://yoast.com/product/yoast-seo-wordpress/ -->
<title>Como el sol de febrero - Caravana Grupo Editorial</title>
<meta name="robots" content="index, follow, max-snippet:-1, max-image-preview:large, max-video-preview:-1" />
<link rel="canonical" href="https://caravanagrupoeditorial.com/es/livros/como-el-sol-de-febrero/" />
<meta property="og:locale" content="es_ES" />
<meta property="og:type" content="article" />
<meta property="og:title" content="Como el sol de febrero - Caravana Grupo Editorial" />
<meta property="og:description" content="Como el sol de febrero se acerca al lector, con la tibieza de un sol que aún no es completamente fuerte, y la fugacidad del calor antes de desvanecerse. Este" />
<meta property="og:url" content="https://caravanagrupoeditorial.com/es/livros/como-el-sol-de-febrero/" />
<meta property="og:site_name" content="Caravana Grupo Editorial" />
<meta property="article:publisher" content="https://www.facebook.com/caravanagrupoeditorial" />
<meta property="article:modified_time" content="2026-04-03T02:43:52+00:00" />
<meta property="og:image" content="https://caravanagrupoeditorial.com/wp-content/uploads/2026/02/Imagem-do-WhatsApp-de-2025-10-30-as-16.30.18_a04b0cd2.jpg" />
	<meta property="og:image:width" content="1600" />
	<meta property="og:image:height" content="1600" />
	<meta property="og:image:type" content="image/jpeg" />
<meta name="twitter:card" content="summary_large_image" />
<meta name="twitter:label1" content="Est. reading time" />
	<meta name="twitter:data1" content="1 minuto" />
<script type="application/ld+json" class="yoast-schema-graph">{"@context":"https://schema.org","@graph":[{"@type":"WebPage","@id":"https://caravanagrupoeditorial.com/livros/como-el-sol-de-febrero/","url":"https://caravanagrupoeditorial.com/livros/como-el-sol-de-febrero/","name":"Como el sol de febrero - Caravana Grupo Editorial","isPartOf":{"@id":"https://caravanagrupoeditorial.com/#website"},"primaryImageOfPage":{"@id":"https://caravanagrupoeditorial.com/livros/como-el-sol-de-febrero/#primaryimage"},"image":{"@id":"https://caravanagrupoeditorial.com/livros/como-el-sol-de-febrero/#primaryimage"},"thumbnailUrl":"https://i0.wp.com/caravanagrupoeditorial.com/wp-content/uploads/2026/02/Imagem-do-WhatsApp-de-2025-10-30-as-16.30.18_a04b0cd2.jpg?fit=1600%2C1600&ssl=1","datePublished":"2025-10-29T23:57:06+00:00","dateModified":"2026-04-03T02:43:52+00:00","breadcrumb":{"@id":"https://caravanagrupoeditorial.com/livros/como-el-sol-de-febrero/#breadcrumb"},"inLanguage":"es-PE","potentialAction":[{"@type":"ReadAction","target":["https://caravanagrupoeditorial.com/livros/como-el-sol-de-febrero/"]}]},{"@type":"ImageObject","inLanguage":"es-PE","@id":"https://caravanagrupoeditorial.com/livros/como-el-sol-de-febrero/#primaryimage","url":"https://i0.wp.com/caravanagrupoeditorial.com/wp-content/uploads/2026/02/Imagem-do-WhatsApp-de-2025-10-30-as-16.30.18_a04b0cd2.jpg?fit=1600%2C1600&ssl=1","contentUrl":"https://i0.wp.com/caravanagrupoeditorial.com/wp-content/uploads/2026/02/Imagem-do-WhatsApp-de-2025-10-30-as-16.30.18_a04b0cd2.jpg?fit=1600%2C1600&ssl=1","width":1600,"height":1600},{"@type":"BreadcrumbList","@id":"https://caravanagrupoeditorial.com/livros/como-el-sol-de-febrero/#breadcrumb","itemListElement":[{"@type":"ListItem","position":1,"name":"Início","item":"https://caravanagrupoeditorial.com/"},{"@type":"ListItem","position":2,"name":"Shop","item":"https://caravanagrupoeditorial.com/shop/"},{"@type":"ListItem","position":3,"name":"Como el sol de febrero"}]},{"@type":"WebSite","@id":"https://caravanagrupoeditorial.com/#website","url":"https://caravanagrupoeditorial.com/","name":"Caravana Grupo Editorial","description":"","publisher":{"@id":"https://caravanagrupoeditorial.com/#organization"},"potentialAction":[{"@type":"SearchAction","target":{"@type":"EntryPoint","urlTemplate":"https://caravanagrupoeditorial.com/?s={search_term_string}"},"query-input":{"@type":"PropertyValueSpecification","valueRequired":true,"valueName":"search_term_string"}}],"inLanguage":"es-PE"},{"@type":"Organization","@id":"https://caravanagrupoeditorial.com/#organization","name":"Caravana Grupo Editorial","url":"https://caravanagrupoeditorial.com/","logo":{"@type":"ImageObject","inLanguage":"es-PE","@id":"https://caravanagrupoeditorial.com/#/schema/logo/image/","url":"https://caravanagrupoeditorial.com/wp-content/uploads/2024/02/cropped-Logo_Caravana.png","contentUrl":"https://caravanagrupoeditorial.com/wp-content/uploads/2024/02/cropped-Logo_Caravana.png","width":512,"height":512,"caption":"Caravana Grupo Editorial"},"image":{"@id":"https://caravanagrupoeditorial.com/#/schema/logo/image/"},"sameAs":["https://www.facebook.com/caravanagrupoeditorial","https://www.instagram.com/caravanagrupoeditorial/?hl=pt-br","https://www.youtube.com/channel/UCdD-xosEkpHCeRn2nDLiXfQ"]}]}</script>
<!-- / Yoast SEO plugin. -->

Como el sol de febrero se acerca al lector, con la tibieza de un sol que aún no es completamente fuerte, y la fugacidad del calor antes de desvanecerse. Este

Início

Catálogo - Kuntur Editorial

Laura A. López
